{"id":2052,"date":"2023-06-13T10:42:07","date_gmt":"2023-06-13T08:42:07","guid":{"rendered":"https:\/\/www.antaresvisiongroup.com\/beverage\/?page_id=2052"},"modified":"2023-11-08T09:36:25","modified_gmt":"2023-11-08T08:36:25","slug":"codice-etico","status":"publish","type":"page","link":"https:\/\/antaresvisiongroup.com\/beverage\/it\/codice-etico\/","title":{"rendered":"Codice etico"},"content":{"rendered":"\n<div style=\"height:50px\" aria-hidden=\"true\" class=\"wp-block-spacer\"><\/div>\n\n\n\n<h1 class=\"wp-block-heading\">Codice etico<\/h1>\n\n\n\n<div style=\"height:20px\" aria-hidden=\"true\" class=\"wp-block-spacer\"><\/div>\n\n\n\n<h2 class=\"wp-block-heading\">Trasparenza e correttezza delle attivit\u00e0 di FT System e costante rispetto delle leggi e regolamenti applicabili<\/h2>\n\n\n\n<p>&#8220;FT System S.r.l., al fine di garantire la maggior trasparenza e correttezza possibili nelle proprie azioni e la costante osservanza delle leggi e dei regolamenti ad esse applicabili da parte di tutti i propri dipendenti e delle proprie controparti contrattuali, ha deciso di riassumere le &nbsp;linee di condotta e i valori comuni a cui si \u00e8 sempre ispirata nell\u2019esercizio della propria attivit\u00e0 in un apposito Modello di Organizzazione, Gestione e Controllo redatto ai sensi del D.Lgs. 231\/2001 (il \u201cModello\u201d) con allegato il Codice Etico, disponibili in copia, consultabile in modalit\u00e0 solo visione, previa richiesta all\u2019Organismo di Vigilanza (\u201cOdV\u201d) di FT System S.r.l. compilando questo form.<\/p>\n\n\n\n<p>In questi documenti sono stati riassunti, pertanto, i principi etici e deontologici a cui \u00e8 ispirata l\u2019attivit\u00e0 di  FT System S.r.l. e a cui deve pertanto ispirarsi anche l\u2019attivit\u00e0 di tutte le sue controparti contrattuali.<br><\/p>\n\n\n\n<p>L&#8217;osservanza del Modello e del Codice Etico deve considerarsi parte integrante delle obbligazioni contrattuali assunte da tutti gli outsourcer, consulenti e partner di FTSystem. Pertanto la loro inosservanza potr\u00e0 essere considerata inadempimento contrattuale e determinare la risoluzione del presente contratto ai sensi e per gli effetti dell&#8217;Art. 1456 del Cod. Civ. e le conseguenti azioni risarcitorie eventualmente attivabili, fatta salva la facolt\u00e0 di FT System S.r.l. di tutelare i propri diritti in tutte le sedi pi\u00f9 opportune.<br><\/p>\n\n\n\n<p>Pertanto con l\u2019adozione del Modello e relativo Codice Etico, qualunque controparte che intrattiene o intratterr\u00e0 rapporti con FT System si impegna a svolgere le propria attivit\u00e0 secondo criteri di trasparenza, correttezza e lealt\u00e0 ed in conformit\u00e0 a quanto previsto dal Modello e Codice Etico di FT System e nel pieno rispetto della vigente normativa, anche secondaria.&#8221;<\/p>\n\n\n\n<div style=\"height:20px\" aria-hidden=\"true\" class=\"wp-block-spacer\"><\/div>\n\n\n\n<h3 class=\"wp-block-heading\"><strong><a href=\"https:\/\/antaresvisiongroup.com\/beverage\/wp-content\/uploads\/sites\/5\/2023\/06\/codice-etico_mod.231_ftsystem.pdf\" target=\"_blank\" rel=\"noreferrer noopener\">FT System &#8211; Codice Etico e Mod.231<\/a><\/strong><\/h3>\n","protected":false},"excerpt":{"rendered":"<p>Codice etico Trasparenza e correttezza delle attivit\u00e0 di FT System e costante rispetto delle leggi&#8230;<\/p>\n","protected":false},"author":1,"featured_media":0,"parent":0,"menu_order":0,"comment_status":"closed","ping_status":"closed","template":"page-container.php","meta":{"_acf_changed":false,"footnotes":""},"class_list":["post-2052","page","type-page","status-publish","hentry"],"acf":[],"lang":"it","translations":{"it":2052,"en":3124,"es":3126,"fr":3128,"pt":4706},"pll_sync_post":[],"_links":{"self":[{"href":"https:\/\/antaresvisiongroup.com\/beverage\/wp-json\/wp\/v2\/pages\/2052","targetHints":{"allow":["GET"]}}],"collection":[{"href":"https:\/\/antaresvisiongroup.com\/beverage\/wp-json\/wp\/v2\/pages"}],"about":[{"href":"https:\/\/antaresvisiongroup.com\/beverage\/wp-json\/wp\/v2\/types\/page"}],"author":[{"embeddable":true,"href":"https:\/\/antaresvisiongroup.com\/beverage\/wp-json\/wp\/v2\/users\/1"}],"replies":[{"embeddable":true,"href":"https:\/\/antaresvisiongroup.com\/beverage\/wp-json\/wp\/v2\/comments?post=2052"}],"version-history":[{"count":5,"href":"https:\/\/antaresvisiongroup.com\/beverage\/wp-json\/wp\/v2\/pages\/2052\/revisions"}],"predecessor-version":[{"id":2065,"href":"https:\/\/antaresvisiongroup.com\/beverage\/wp-json\/wp\/v2\/pages\/2052\/revisions\/2065"}],"wp:attachment":[{"href":"https:\/\/antaresvisiongroup.com\/beverage\/wp-json\/wp\/v2\/media?parent=2052"}],"curies":[{"name":"wp","href":"https:\/\/api.w.org\/{rel}","templated":true}]}}