{"id":4477,"date":"2025-12-04T12:06:36","date_gmt":"2025-12-04T11:06:36","guid":{"rendered":"https:\/\/antaresvisiongroup.com\/beverage\/?page_id=4477"},"modified":"2025-12-17T12:24:07","modified_gmt":"2025-12-17T11:24:07","slug":"ispezione-del-livello-di-riempimento-nellindustria-delle-bevande","status":"publish","type":"page","link":"https:\/\/antaresvisiongroup.com\/beverage\/it\/ispezione-del-livello-di-riempimento-nellindustria-delle-bevande\/","title":{"rendered":"Ispezione del livello di riempimento nell&#8217;industria delle bevande"},"content":{"rendered":"\n<div class=\"kbreadcrumb\" id=\"k_year\">\n    <div class=\"pure-container\">\n        <div class=\"pure-g\">\n            <div class=\"pure-u-1-1\">\n                <div class=\"breadcrumbs\"><a href=\"https:\/\/antaresvisiongroup.com\/beverage\">Home<\/a> | <\/div>            <\/div>\n        <\/div>\n    <\/div>\n<\/div>\n\n<style>\n\n    .kbreadcrumb{max-width: 1330px; margin-right: auto; margin-left: auto; font-size: 14px; color: #222222; padding-top: 15px; padding-bottom: 15px;\n        font-family: 'Exo', sans-serif;}\n    .kbreadcrumb a{color: inherit; text-decoration: none;}\n\n    \/* mobile *\/\n    @media screen and (max-width: 767px) {\n        .kbreadcrumb{padding-right: 15px; padding-left: 15px;}\n    }\n\n    \/* ipad *\/\n    @media screen and (min-width: 768px) and  (max-width: 992px){\n        .kbreadcrumb{padding-right: 15px; padding-left: 15px;}\n    }\n\n    \/* ipad pro *\/\n    @media screen and (min-width: 992px) and  (max-width: 1200px){\n        .kbreadcrumb{padding-right: 15px; padding-left: 15px;}\n    }\n\n<\/style>\n\n\n<div class=\"pure-containerFluid kintro\">\n    <div class=\"pure-container\">\n        <div class=\"pure-g\">\n            <div class=\"pure-u-1-1 pure-u-md-16-24 kintro__col\">\n                <div class='kintro__top'>                    <a class=\"kintro__button\" href=\"https:\/\/antaresvisiongroup.com\/beverage\/it\/contatti\/\" target=\"\">\n                        <div class=\"kbutton__buttonTitle\">RICHIEDI INFORMAZIONI <\/div>\n                        <svg id=\"Livello_button\" data-name=\"Livello 2\" xmlns=\"http:\/\/www.w3.org\/2000\/svg\" xmlns:xlink=\"http:\/\/www.w3.org\/1999\/xlink\" width=\"14\" height=\"14\" viewBox=\"0 0 14 14\">\n                            <defs>\n                                <style>\n                                    .kintro__button .cls-1{fill:none;}\n                                    .kintro__button .cls-2{clip-path:url(#clip-path-1)!important;}\n                                    .kintro__button .cls-3{clip-path:url(#clip-path-2-1)!important;}\n                                    .kintro__button .cls-4{clip-path:url(#clip-path-3-1)!important;}\n                                    .kintro__button .cls-5{fill: rgb(212,93,0)!important;}\n                                <\/style>\n                                <clipPath id=\"clip-path-1\">\n                                    <polygon class=\"cls-1\" points=\"2.099 12.999 1 11.9 10.344 2.557 1.824 2.557 1.824 1 13 1 13 12.176 11.443 12.176 11.443 3.656 2.099 12.999\"><\/polygon>\n                                <\/clipPath>\n                                <clipPath id=\"clip-path-2-1\">\n                                    <rect class=\"cls-1\" x=\"-1141\" y=\"-1543\" width=\"1680\" height=\"4770.9999\"><\/rect>\n                                <\/clipPath>\n                                <clipPath id=\"clip-path-3-1\">\n                                    <rect class=\"cls-1\" x=\"1\" y=\"1\" width=\"12\" height=\"12\"><\/rect>\n                                <\/clipPath>\n                            <\/defs>\n                            <title>k-arrow-blu<\/title>\n                            <g class=\"cls-2\"><g class=\"cls-3\"><g class=\"cls-4\"><g class=\"cls-4\"><rect class=\"cls-5\" width=\"14\" height=\"14\"><\/rect>\n                                            <rect class=\"cls-5\" width=\"14\" height=\"14\"><\/rect>\n                                        <\/g><\/g><\/g><\/g>\n                        <\/svg>\n                    <\/a>\n                <\/div><h1>Ispezione del livello di riempimento nell&#8217;industria delle bevande<\/h1>            <\/div>\n        <\/div>\n    <\/div>\n<\/div>\n\n<style>\n\n    .kintro{}\n\n    .kintro{margin-top: 50px;}\n\n    .kintro__row{justify-content: center;}\n    .kintro__date{font-family: 'Exo', sans-serif;}\n    .kintro h1{color: rgb(212,93,0); border-top: 2px solid rgb(212,93,0); padding-top: 30px; margin-top: 10px;}\n    .kintro__thumb img{width: 100%; height: auto;}\n\n    .kintro__extraCont{display: flex; align-items: flex-end; margin-bottom: 20px; margin-top: 80px;}\n    .kintro__extraLineTitle{height: 2px; width: 50px; margin-bottom: 13px; margin-right: 30px;}\n    .kintro__extraCont h2 {font-size: 30px;margin-top: 0;margin-bottom: 0; text-transform: uppercase;}\n    .kintro a{color: rgb(212,93,0);}\n\n    .kintro__top{display: flex; justify-content: space-between; align-items: center; flex-wrap: wrap;}\n\n    \/* button *\/\n    .kintro__button{cursor: pointer; background-color: rgba(212,93,0, 0.08); ; margin-left: auto;\n        color: rgb(212,93,0); padding: 10px 15px; font-weight: 500; text-decoration: none;\n        display: flex; justify-content: space-between; min-width: 100px; width: auto;}\n    .kbutton__buttonTitle{border-bottom: 1px solid rgb(212,93,0); padding-bottom: 5px; text-transform: uppercase;}\n    .kintro__button svg{width: 16px; height: 16px; margin-top: 3px; margin-left: 15px;}\n\n    \/* new *\/\n    .kintro__col{margin-left: auto; margin-right: auto;}\n\n    \/* mobile *\/\n    @media screen and (max-width: 767px) {\n        .kintro__top{flex-direction: column; align-items: flex-start;}\n        .kintro__button{margin-top: 10px;}\n    }\n\n    \/* ipad *\/\n    @media screen and (min-width: 768px) and  (max-width: 992px){\n\n    }\n\n    \/* ipad pro *\/\n    @media screen and (min-width: 992px) and  (max-width: 1200px){\n\n    }\n\n\n<\/style>\n\n<script>\n    window.addEventListener('DOMContentLoaded', function() {\n        jQuery(function ($) {\n\n        });\n    });\n<\/script>\n\n    <div class=\"pure-containerFluid pureCol \">\n    <div class=\"pure-container\">         <div class=\"pure-row\">\n            <div class=\"pure-g\">\n                <div class=\"pure-u-1-1 pure-u-md-16-24 offset-md-1-6\">\n\n\n\n\n<style>\n\n    .formContacts input[type=\"submit\"]{ background-color: rgb(212,93,0); border: 0;\n    color: #ffffff; text-transform: uppercase; padding: 20px; font-size: 16px; font-family: 'Roboto', sans-serif;\n    min-width: 250px; font-weight: 600; cursor: pointer; margin-top: 30px;}\n    .pureCol a{color: rgb(212,93,0);}\n\n    \/* mobile *\/\n    @media screen and (max-width: 767px) {\n\n    }\n\n    \/* ipad *\/\n    @media screen and (min-width: 768px) and  (max-width: 992px){\n\n    }\n\n    \/* ipad pro *\/\n    @media screen and (min-width: 992px) and  (max-width: 1200px){\n\n    }\n\n<\/style>\n\n\n<p>Il <strong>controllo del livello di riempimento<\/strong> indica uno dei punti critici di controllo: verificare che ogni bottiglia, lattina o contenitore corrisponda al corretto volume di liquido e non lasci i consumatori con unit\u00e0 mezze vuote o troppo piene. Con l&#8217;aumento dei controlli normativi, la pressione sui costi e i rischi per la reputazione del marchio, le aziende leader si rivolgono a specialisti come Antares Vision Group, riconosciuta come leader di mercato nella tecnologia di<a href=\"https:\/\/antaresvisiongroup.com\/beverage\/it\/inspection\/prodotti-ispezioni\/?f=453\"> ispezione per le bevande<\/a>.<\/p>\n\n\n\n<hr class=\"wp-block-separator has-alpha-channel-opacity\" \/>\n\n\n\n<h2 class=\"wp-block-heading\"><strong>Perch\u00e9 l&#8217;ispezione del livello di riempimento \u00e8 importante nelle bevande<\/strong><\/h2>\n\n\n\n<p>Quando si producono milioni di unit\u00e0 al giorno nell&#8217;industria delle bevande, anche piccole deviazioni nel livello di riempimento si sommano. Ecco cosa c&#8217;\u00e8 in gioco:<\/p>\n\n\n\n<ul class=\"wp-block-list\">\n<li><strong>Conformit\u00e0 alle normative<\/strong> &#8211; Molte giurisdizioni regolano i livelli minimi e massimi di riempimento; il mancato rispetto di tali livelli comporta multe o richiami.<\/li>\n\n\n\n<li><strong>Fiducia dei consumatori<\/strong> &#8211; Un livello di riempimento visibilmente basso o un&#8217;incoerenza danneggia la reputazione del marchio.<\/li>\n\n\n\n<li><strong>Controllo dei costi<\/strong> &#8211; Un riempimento eccessivo aumenta il costo per unit\u00e0 e riduce il margine. Un riempimento insufficiente pu\u00f2 causare costosi richiami.<\/li>\n\n\n\n<li><strong>Efficienza produttiva<\/strong> &#8211; L&#8217;individuazione precoce dei guasti (a livello di riempitrice piuttosto che a valle) riduce gli sprechi di energia e di tempo. Inoltre, il monitoraggio delle prestazioni dell&#8217;insaccatrice aiuta a identificare le derive e ad applicare regolazioni preventive prima che si verifichino scarti.<\/li>\n<\/ul>\n\n\n\n<p>Per sistemi come quelli di Antares Vision Group, il sistema di ispezione del livello di riempimento \u00e8 progettato per rilevare il giusto livello di riempimento all&#8217;interno della bottiglia, eliminando i contenitori non conformi alle normative. Il settore delle bevande, con il suo mix di vetro, PET, HDPE, lattine di metallo e formati variabili, presenta un ambiente complesso.<\/p>\n\n\n\n<hr class=\"wp-block-separator has-alpha-channel-opacity\" \/>\n\n\n\n<h2 class=\"wp-block-heading\"><strong>Cosa rende difficile un controllo accurato del livello di riempimento<\/strong><\/h2>\n\n\n\n<p>L&#8217;implementazione di un solido <a href=\"https:\/\/antaresvisiongroup.com\/beverage\/it\/inspection\/prodotti-ispezioni\/?f=453\">controllo del livello<\/a> di riempimento in una linea di produzione di bevande deve affrontare diversi ostacoli:<\/p>\n\n\n\n<h3 class=\"wp-block-heading\"><strong>Variazioni di packaging e formato<\/strong><\/h3>\n\n\n\n<ul class=\"wp-block-list\">\n<li>Bottiglie di diverse dimensioni o tipi di contenitori (PET, vetro, HDPE, metallo) possono variare il tipo di tecnologia necessaria e la sua calibrazione.<\/li>\n\n\n\n<li>Alta velocit\u00e0; l&#8217;ispezione deve corrispondere alla velocit\u00e0 della linea senza creare colli di bottiglia.<\/li>\n<\/ul>\n\n\n\n<h3 class=\"wp-block-heading\"><strong>Schiuma e turbolenza dei liquidi<\/strong><\/h3>\n\n\n\n<ul class=\"wp-block-list\">\n<li>Nelle bevande gassate, la schiuma pu\u00f2 mascherare il livello effettivo del liquido. Il sistema deve compensare la formazione di schiuma per evitare letture errate.<\/li>\n\n\n\n<li>L&#8217;ispezione deve essere eseguita in un punto della linea in cui il prodotto \u00e8 in condizioni costanti, evitando cio\u00e8 punti di cambio nastro che potrebbero causare un livello di riempimento instabile.<\/li>\n<\/ul>\n\n\n\n<h3 class=\"wp-block-heading\"><strong>Integrazione dei dati e registrazione dei dati di produzione<\/strong><\/h3>\n\n\n\n<ul class=\"wp-block-list\">\n<li>La moderna produzione di bevande richiede l&#8217;acquisizione di dati, analisi e cruscotti. Senza un collegamento adeguato, l&#8217;ispezione diventa un silo. Con le caratteristiche giuste, il livello di riempimento diventa l&#8217;occhio che monitora i sistemi di riempimento e tappatura, garantendo una produzione impeccabile.<\/li>\n\n\n\n<li>I dati di produzione e gli scarti devono essere etichettati e tracciati: una svista potrebbe costare il valore del marchio e l&#8217;incapacit\u00e0 di gestire reclami e richiami.<\/li>\n<\/ul>\n\n\n\n<hr class=\"wp-block-separator has-alpha-channel-opacity\" \/>\n\n\n\n<h2 class=\"wp-block-heading\"><strong>Soluzioni: Come i sistemi avanzati di ispezione del livello di riempimento gestiscono il compito<\/strong><\/h2>\n\n\n\n<p>Per affrontare queste sfide, i moderni sistemi di ispezione utilizzano un mix di tecnologie e strategie di integrazione. Qui di seguito sono evidenziate le offerte di Antares Vision Group per l&#8217;industria delle bevande.<\/p>\n\n\n\n<h3 class=\"wp-block-heading\"><strong>Misura multitecnologica<\/strong><\/h3>\n\n\n\n<ul class=\"wp-block-list\">\n<li>Sensori ad alta frequenza (HF) per plastica e vetro, compresa l&#8217;opzione di compensazione della schiuma: il sistema rileva contemporaneamente il volume del liquido e quello della schiuma e calcola il livello di riempimento effettivo una volta che la schiuma si \u00e8 dissipata<\/li>\n\n\n\n<li>Tecnologie a raggi X (RX) per qualsiasi materiale, compreso il metallo<\/li>\n<\/ul>\n\n\n\n<h3 class=\"wp-block-heading\"><strong>Configurazioni embedded e standalone<\/strong><\/h3>\n\n\n\n<ul class=\"wp-block-list\">\n<li>I sistemi possono essere <strong>integrati direttamente nel monoblocco di riempimento<\/strong>, risparmiando spazio e consentendo lo scarto immediato dei contenitori non conformi. <\/li>\n\n\n\n<li>In alternativa, le stazioni di ispezione indipendenti possono essere posizionate a valle se l&#8217;incorporazione non \u00e8 fattibile.<\/li>\n<\/ul>\n\n\n\n<h3 class=\"wp-block-heading\"><strong>Analisi dei dati e registri di produzione<\/strong><\/h3>\n\n\n\n<ul class=\"wp-block-list\">\n<li>La piattaforma offre funzionalit\u00e0 di analisi dei dati e di registrazione della produzione a supporto dei team di qualit\u00e0. <\/li>\n\n\n\n<li>I dati di produzione alimentano i cicli di miglioramento continuo.<\/li>\n\n\n\n<li>Implementazione di una combinazione di sensori e software per l&#8217;analisi e l&#8217;elaborazione dei dati raccolti. Consente una valutazione immediata e intuitiva delle prestazioni delle macchine di riempimento, individuando cos\u00ec le cause precise dell&#8217;inefficienza. <a href=\"https:\/\/antaresvisiongroup.com\/beverage\/it\/products\/monitoraggio\/\">Per saperne di pi\u00f9<\/a><\/li>\n<\/ul>\n\n\n\n<h3 class=\"wp-block-heading\"><strong>Flessibilit\u00e0 di ingombro e adattabilit\u00e0 del formato<\/strong><\/h3>\n\n\n\n<ul class=\"wp-block-list\">\n<li>Il sistema gestisce diversi formati di bottiglie nella stessa linea. <\/li>\n\n\n\n<li>L&#8217;ingombro ridotto si adatta alle linee di bevande ad alta velocit\u00e0 e ad alta variet\u00e0.<\/li>\n<\/ul>\n\n\n\n<h3 class=\"wp-block-heading\"><strong>Come funziona<\/strong><\/h3>\n\n\n\n<ul class=\"wp-block-list\">\n<li>Il controllo del livello di riempimento si basa sulla tecnologia ad alta frequenza o a raggi X, a seconda delle caratteristiche del contenitore e del prodotto.<\/li>\n\n\n\n<li>Il segnale attraversa il prodotto al livello di riempimento previsto e la sua interazione con il liquido restituisce il livello di riempimento effettivo della bottiglia.<\/li>\n\n\n\n<li>Se viene controllato un livello massimo preimpostato, il contenitore sar\u00e0 considerato troppo pieno.<\/li>\n\n\n\n<li>Se non viene controllato un livello minimo preimpostato, il contenitore sar\u00e0 considerato troppo pieno.<\/li>\n\n\n\n<li>Le misurazioni intermedie indicano che il contenitore presenta un livello di riempimento corretto.<\/li>\n<\/ul>\n\n\n\n<hr class=\"wp-block-separator has-alpha-channel-opacity\" \/>\n\n\n\n<h2 class=\"wp-block-heading\"><strong>Vantaggi: Impatto commerciale di un&#8217;ispezione rigorosa del livello di riempimento<\/strong><\/h2>\n\n\n\n<p>L&#8217;implementazione di un&#8217;efficace ispezione del livello di riempimento nell&#8217;industria delle bevande porta vantaggi tangibili:<\/p>\n\n\n\n<ul class=\"wp-block-list\">\n<li><strong>Miglioramento della conformit\u00e0 normativa<\/strong>: Assicura che ogni unit\u00e0 soddisfi i requisiti legali di riempimento ed eviti le sanzioni.<\/li>\n\n\n\n<li><strong>Riduzione degli sprechi e dei costi<\/strong>: Rilevando precocemente le bottiglie sotto-riempite, si riducono al minimo le perdite di tempo e di energia; il rilevamento dei riempimenti eccessivi garantisce la salvaguardia dei margini.<\/li>\n\n\n\n<li><strong>Maggiore soddisfazione del consumatore<\/strong>: Livelli di riempimento uniformi creano fiducia, mentre differenze visibili o bottiglie a basso riempimento la compromettono.<\/li>\n\n\n\n<li><strong>Maggiore efficienza e rendimento della linea<\/strong>: Il rilevamento precoce significa meno rilavorazioni, meno lotti scartati e meno tempi di inattivit\u00e0.<\/li>\n\n\n\n<li><strong>Decisioni basate sui dati<\/strong>: Grazie alle funzionalit\u00e0 analitiche, i team operativi possono monitorare le variazioni dei livelli di riempimento, individuare le cause principali e implementare rapidamente le soluzioni.<\/li>\n\n\n\n<li><strong>Scalabile tra i vari formati<\/strong>: Quando le aziende produttrici di bevande introducono un maggior numero di SKU, il sistema di ispezione si adatta senza bisogno di grandi ripensamenti.<\/li>\n<\/ul>\n\n\n\n<p>Per le aziende che cercano di mantenere la percezione di un marchio premium, gestendo al contempo la pressione dei costi e gli oneri di conformit\u00e0, la giusta soluzione di ispezione del livello di riempimento \u00e8 una leva strategica.<\/p>\n\n\n\n<hr class=\"wp-block-separator has-alpha-channel-opacity\" \/>\n\n\n\n<h2 class=\"wp-block-heading\"><strong>FAQ<\/strong> &#8211; <strong>Ispezione del livello di riempimento <\/strong><\/h2>\n\n\n\n<h3 class=\"wp-block-heading\"><strong>Che cos&#8217;\u00e8 l&#8217;ispezione del livello di riempimento e perch\u00e9 \u00e8 importante nelle bevande?<\/strong><\/h3>\n\n\n\n<p>L&#8217;ispezione del livello di riempimento si riferisce alla verifica del volume di liquido in ogni contenitore rispetto ai valori target. Nel settore delle bevande, \u00e8 fondamentale per la conformit\u00e0 alle normative, il controllo dei costi e l&#8217;integrit\u00e0 del marchio.<\/p>\n\n\n\n<h3 class=\"wp-block-heading\"><strong>Come fa un sistema di ispezione del livello di riempimento a rilevare la schiuma e a compensarla?<\/strong><\/h3>\n\n\n\n<p>I sistemi Antares Vision Group utilizzano sensori ad alta frequenza per misurare simultaneamente il volume del liquido e della schiuma. Il sistema valuta il livello di riempimento reale che si avr\u00e0 dopo la dissoluzione della schiuma, garantendo la massima precisione. <a href=\"https:\/\/antaresvisiongroup.com\/beverage\/it\/products\/controllo-del-livello-di-riempimento\/\">Scopri di pi\u00f9<\/a><\/p>\n\n\n\n<h3 class=\"wp-block-heading\"><strong>L&#8217;ispezione del livello di riempimento pu\u00f2 funzionare su diversi tipi di imballaggio (PET, vetro, metallo)?<\/strong><\/h3>\n\n\n\n<p>S\u00ec. I sistemi moderni supportano pi\u00f9 tecnologie: alta frequenza per plastica e vetro; raggi X per qualsiasi altro materiale, compreso il metallo. Questa capacit\u00e0 multi-tecnologica consente di ispezionare un ampio spettro di tipi di contenitori.<\/p>\n\n\n\n<p><strong>In quale punto della linea di produzione dovrebbe essere installato il controllo del livello di riempimento?<\/strong><br>Dipende. L&#8217;inserimento direttamente nel monoblocco di riempimento consente di risparmiare spazio e di rilevare precocemente i difetti. In alternativa, si pu\u00f2 utilizzare una stazione indipendente a valle. In entrambi i casi, l&#8217;ispezione deve essere eseguita in un punto della linea in cui tutti i prodotti sono in condizioni omogenee.  <\/p>\n\n\n\n<p><strong>Quali vantaggi porta l&#8217;ispezione del livello di riempimento oltre alla conformit\u00e0?<\/strong><br>Al di l\u00e0 della conformit\u00e0 normativa, l&#8217;ispezione del livello di riempimento aumenta la resa dei prodotti, riduce gli scarti, migliora la fiducia dei consumatori e fornisce ai team di produzione dati utili per il miglioramento continuo.<\/p>\n\n\n\n<p><strong>L&#8217;ispezione del livello di riempimento \u00e8 scalabile per pi\u00f9 SKU e formati?<\/strong><br>S\u00ec. I sistemi progettati per formati di bottiglia flessibili, da quelli standard a quelli &#8220;mignon&#8221;, e sufficientemente compatti per gestire pi\u00f9 varianti di prodotto, rendono possibile la scalabilit\u00e0 tra le SKU.<\/p>\n\n\n\n<hr class=\"wp-block-separator has-alpha-channel-opacity\" \/>\n\n\n\n<p><strong>Conclusione<\/strong><\/p>\n\n\n\n<p>Nel settore delle bevande, la padronanza dell&#8217;<strong>ispezione del livello di riempimento<\/strong> \u00e8 un &#8220;must&#8221; non solo per la conformit\u00e0 alle normative, ma anche come elemento chiave per preservare il valore del marchio, garantire e massimizzare la resa. Grazie ad aziende come Antares Vision Group, leader nella tecnologia di ispezione, i produttori di bevande possono implementare soluzioni integrate ad alta precisione, flessibili al formato e in grado di gestire le moderne esigenze di produzione. <\/p>\n\n\n\n<div style=\"height:25px\" aria-hidden=\"true\" class=\"wp-block-spacer\"><\/div>\n\n\n\n<div class=\"wp-block-columns is-layout-flex wp-container-core-columns-is-layout-9d6595d7 wp-block-columns-is-layout-flex\">\n<div class=\"wp-block-column is-layout-flow wp-block-column-is-layout-flow\"><\/div>\n\n\n\n<div class=\"wp-block-column is-layout-flow wp-block-column-is-layout-flow\"><\/div>\n\n\n\n<div class=\"wp-block-column is-layout-flow wp-block-column-is-layout-flow\">\n<div class=\"pure-container kbutton \"\n style=\"\">\n            <a class=\"gtm__conditionButton kbutton__button\" href=\"https:\/\/antaresvisiongroup.com\/beverage\/it\/contatti\/\" target=\"\"\n                    >\n            <div class=\"kbutton__buttonTitle\">RICHIEDI INFORMAZIONI <\/div>\n            <svg id=\"Livello_button\" data-name=\"Livello 2\" xmlns=\"http:\/\/www.w3.org\/2000\/svg\" xmlns:xlink=\"http:\/\/www.w3.org\/1999\/xlink\" width=\"14\" height=\"14\" viewBox=\"0 0 14 14\">\n                <defs>\n                    <style>\n                        .kbutton .cls-1{fill:none;}\n                        .kbutton .cls-2{clip-path:url(#clip-path-1)!important;}\n                        .kbutton .cls-3{clip-path:url(#clip-path-2-1)!important;}\n                        .kbutton .cls-4{clip-path:url(#clip-path-3-1)!important;}\n                        .kbutton .cls-5{fill: rgb(212,93,0)!important;}\n                    <\/style>\n                    <clipPath id=\"clip-path-1\">\n                        <polygon class=\"cls-1\" points=\"2.099 12.999 1 11.9 10.344 2.557 1.824 2.557 1.824 1 13 1 13 12.176 11.443 12.176 11.443 3.656 2.099 12.999\"><\/polygon>\n                    <\/clipPath>\n                    <clipPath id=\"clip-path-2-1\">\n                        <rect class=\"cls-1\" x=\"-1141\" y=\"-1543\" width=\"1680\" height=\"4770.9999\"><\/rect>\n                    <\/clipPath>\n                    <clipPath id=\"clip-path-3-1\">\n                        <rect class=\"cls-1\" x=\"1\" y=\"1\" width=\"12\" height=\"12\"><\/rect>\n                    <\/clipPath>\n                <\/defs>\n                <title>k-arrow-blu<\/title>\n                <g class=\"cls-2\"><g class=\"cls-3\"><g class=\"cls-4\"><g class=\"cls-4\"><rect class=\"cls-5\" width=\"14\" height=\"14\"><\/rect>\n                                <rect class=\"cls-5\" width=\"14\" height=\"14\"><\/rect>\n                            <\/g><\/g><\/g><\/g>\n            <\/svg>\n        <\/a>\n    <\/div>\n\n<style>\n\n    .kbutton{padding-left: 0; padding-right: 0; }\n    .kbutton.center{display: flex; justify-content: center;}\n    .kbutton .kbutton__button{cursor: pointer; background-color: rgba(212,93,0, 0.08);\n        color: rgb(212,93,0); padding: 20px 20px; font-weight: 500; text-decoration: none;\n    display: flex; justify-content: space-between; width: calc(100% - 40px); max-width: 400px;}\n    .formContacts .wpcf7-submit{background-color: rgb(212,93,0); border: 0;\n        color: #ffffff;text-transform: uppercase;padding: 20px;font-size: 16px;\n        font-family: 'Roboto', sans-serif;min-width: 250px;font-weight: 600;cursor: pointer; margin-top: 30px;}\n    .kbutton__buttonTitle{border-bottom: 1px solid rgb(212,93,0); padding-bottom: 5px; text-transform: uppercase;}\n    .kbutton .kbutton__button svg{width: 16px; height: 16px; margin-top: 3px;}\n    .kbutton.right a{margin-left: auto;}\n\n    .gtm__conditionButton .kbutton__buttonTitle, .gtm__conditionButton svg{pointer-events: none;}\n\n    .formContacts.whistle select, .formContacts input[type=\"text\"], .formContacts input[type=\"email\"], .formContacts textarea, .formContacts select{\n        border-bottom: 2px solid rgb(212,93,0);\n    }\n\n    \/* mobile *\/\n    @media screen and (max-width: 767px) {\n\n    }\n\n    \/* ipad *\/\n    @media screen and (min-width: 768px) and  (max-width: 992px){\n\n    }\n\n    \/* ipad pro *\/\n    @media screen and (min-width: 992px) and  (max-width: 1200px){\n\n    }\n\n<\/style>\n\n<script>\n    window.addEventListener('DOMContentLoaded', function() {\n        jQuery(function ($) {\n            $( \".kbutton .kbutton__buttonPopup.cqDg5\" ).click(function() {\n\n                var file = $(this).attr('id');\n                $(\"input[name='download-file']\").val(file);\n\n                $(\"#modalDownloadcqDg5\").modal({\n                    fadeDuration: 200\n                });\n            });\n\n            \n        });\n    });\n<\/script>\n\n<\/div>\n<\/div>\n\n\n\n<p><a id=\"_msocom_4\"><\/a><\/p>\n\n\n\n                <\/div>\n            <\/div>\n        <\/div>\n     <\/div> <\/div>\n\n<style>\n\n    \/* mobile *\/\n    @media screen and (max-width: 767px) {\n\n    }\n\n    \/* ipad *\/\n    @media screen and (min-width: 768px) and  (max-width: 992px){\n\n    }\n\n    \/* ipad pro *\/\n    @media screen and (min-width: 992px) and  (max-width: 1200px){\n\n    }\n\n<\/style>","protected":false},"excerpt":{"rendered":"<p>Il controllo del livello di riempimento indica uno dei punti critici di controllo: verificare che&#8230;<\/p>\n","protected":false},"author":6,"featured_media":0,"parent":0,"menu_order":0,"comment_status":"closed","ping_status":"closed","template":"","meta":{"_acf_changed":false,"footnotes":""},"class_list":["post-4477","page","type-page","status-publish","hentry"],"acf":[],"lang":"it","translations":{"it":4477,"en":4473,"fr":4482,"es":4486,"pt":4667},"pll_sync_post":[],"_links":{"self":[{"href":"https:\/\/antaresvisiongroup.com\/beverage\/wp-json\/wp\/v2\/pages\/4477","targetHints":{"allow":["GET"]}}],"collection":[{"href":"https:\/\/antaresvisiongroup.com\/beverage\/wp-json\/wp\/v2\/pages"}],"about":[{"href":"https:\/\/antaresvisiongroup.com\/beverage\/wp-json\/wp\/v2\/types\/page"}],"author":[{"embeddable":true,"href":"https:\/\/antaresvisiongroup.com\/beverage\/wp-json\/wp\/v2\/users\/6"}],"replies":[{"embeddable":true,"href":"https:\/\/antaresvisiongroup.com\/beverage\/wp-json\/wp\/v2\/comments?post=4477"}],"version-history":[{"count":4,"href":"https:\/\/antaresvisiongroup.com\/beverage\/wp-json\/wp\/v2\/pages\/4477\/revisions"}],"predecessor-version":[{"id":4622,"href":"https:\/\/antaresvisiongroup.com\/beverage\/wp-json\/wp\/v2\/pages\/4477\/revisions\/4622"}],"wp:attachment":[{"href":"https:\/\/antaresvisiongroup.com\/beverage\/wp-json\/wp\/v2\/media?parent=4477"}],"curies":[{"name":"wp","href":"https:\/\/api.w.org\/{rel}","templated":true}]}}