{"id":4486,"date":"2025-12-04T12:08:57","date_gmt":"2025-12-04T11:08:57","guid":{"rendered":"https:\/\/antaresvisiongroup.com\/beverage\/?page_id=4486"},"modified":"2025-12-17T12:27:37","modified_gmt":"2025-12-17T11:27:37","slug":"control-del-nivel-de-llenado-en-la-industria-de-bebidas","status":"publish","type":"page","link":"https:\/\/antaresvisiongroup.com\/beverage\/es\/control-del-nivel-de-llenado-en-la-industria-de-bebidas\/","title":{"rendered":"Control del nivel de llenado en la industria de bebidas"},"content":{"rendered":"\n<div class=\"kbreadcrumb\" id=\"k_year\">\n    <div class=\"pure-container\">\n        <div class=\"pure-g\">\n            <div class=\"pure-u-1-1\">\n                <div class=\"breadcrumbs\"><a href=\"https:\/\/antaresvisiongroup.com\/beverage\">Home<\/a> | <\/div>            <\/div>\n        <\/div>\n    <\/div>\n<\/div>\n\n<style>\n\n    .kbreadcrumb{max-width: 1330px; margin-right: auto; margin-left: auto; font-size: 14px; color: #222222; padding-top: 15px; padding-bottom: 15px;\n        font-family: 'Exo', sans-serif;}\n    .kbreadcrumb a{color: inherit; text-decoration: none;}\n\n    \/* mobile *\/\n    @media screen and (max-width: 767px) {\n        .kbreadcrumb{padding-right: 15px; padding-left: 15px;}\n    }\n\n    \/* ipad *\/\n    @media screen and (min-width: 768px) and  (max-width: 992px){\n        .kbreadcrumb{padding-right: 15px; padding-left: 15px;}\n    }\n\n    \/* ipad pro *\/\n    @media screen and (min-width: 992px) and  (max-width: 1200px){\n        .kbreadcrumb{padding-right: 15px; padding-left: 15px;}\n    }\n\n<\/style>\n\n\n<div class=\"pure-containerFluid kintro\">\n    <div class=\"pure-container\">\n        <div class=\"pure-g\">\n            <div class=\"pure-u-1-1 pure-u-md-16-24 kintro__col\">\n                <div class='kintro__top'>                    <a class=\"kintro__button\" href=\"https:\/\/antaresvisiongroup.com\/beverage\/es\/contactos\/#contacts\" target=\"\">\n                        <div class=\"kbutton__buttonTitle\">Solicitar informaci\u00f3n<\/div>\n                        <svg id=\"Livello_button\" data-name=\"Livello 2\" xmlns=\"http:\/\/www.w3.org\/2000\/svg\" xmlns:xlink=\"http:\/\/www.w3.org\/1999\/xlink\" width=\"14\" height=\"14\" viewBox=\"0 0 14 14\">\n                            <defs>\n                                <style>\n                                    .kintro__button .cls-1{fill:none;}\n                                    .kintro__button .cls-2{clip-path:url(#clip-path-1)!important;}\n                                    .kintro__button .cls-3{clip-path:url(#clip-path-2-1)!important;}\n                                    .kintro__button .cls-4{clip-path:url(#clip-path-3-1)!important;}\n                                    .kintro__button .cls-5{fill: rgb(212,93,0)!important;}\n                                <\/style>\n                                <clipPath id=\"clip-path-1\">\n                                    <polygon class=\"cls-1\" points=\"2.099 12.999 1 11.9 10.344 2.557 1.824 2.557 1.824 1 13 1 13 12.176 11.443 12.176 11.443 3.656 2.099 12.999\"><\/polygon>\n                                <\/clipPath>\n                                <clipPath id=\"clip-path-2-1\">\n                                    <rect class=\"cls-1\" x=\"-1141\" y=\"-1543\" width=\"1680\" height=\"4770.9999\"><\/rect>\n                                <\/clipPath>\n                                <clipPath id=\"clip-path-3-1\">\n                                    <rect class=\"cls-1\" x=\"1\" y=\"1\" width=\"12\" height=\"12\"><\/rect>\n                                <\/clipPath>\n                            <\/defs>\n                            <title>k-arrow-blu<\/title>\n                            <g class=\"cls-2\"><g class=\"cls-3\"><g class=\"cls-4\"><g class=\"cls-4\"><rect class=\"cls-5\" width=\"14\" height=\"14\"><\/rect>\n                                            <rect class=\"cls-5\" width=\"14\" height=\"14\"><\/rect>\n                                        <\/g><\/g><\/g><\/g>\n                        <\/svg>\n                    <\/a>\n                <\/div><h1>Control del nivel de llenado en la industria de bebidas<\/h1>            <\/div>\n        <\/div>\n    <\/div>\n<\/div>\n\n<style>\n\n    .kintro{}\n\n    .kintro{margin-top: 50px;}\n\n    .kintro__row{justify-content: center;}\n    .kintro__date{font-family: 'Exo', sans-serif;}\n    .kintro h1{color: rgb(212,93,0); border-top: 2px solid rgb(212,93,0); padding-top: 30px; margin-top: 10px;}\n    .kintro__thumb img{width: 100%; height: auto;}\n\n    .kintro__extraCont{display: flex; align-items: flex-end; margin-bottom: 20px; margin-top: 80px;}\n    .kintro__extraLineTitle{height: 2px; width: 50px; margin-bottom: 13px; margin-right: 30px;}\n    .kintro__extraCont h2 {font-size: 30px;margin-top: 0;margin-bottom: 0; text-transform: uppercase;}\n    .kintro a{color: rgb(212,93,0);}\n\n    .kintro__top{display: flex; justify-content: space-between; align-items: center; flex-wrap: wrap;}\n\n    \/* button *\/\n    .kintro__button{cursor: pointer; background-color: rgba(212,93,0, 0.08); ; margin-left: auto;\n        color: rgb(212,93,0); padding: 10px 15px; font-weight: 500; text-decoration: none;\n        display: flex; justify-content: space-between; min-width: 100px; width: auto;}\n    .kbutton__buttonTitle{border-bottom: 1px solid rgb(212,93,0); padding-bottom: 5px; text-transform: uppercase;}\n    .kintro__button svg{width: 16px; height: 16px; margin-top: 3px; margin-left: 15px;}\n\n    \/* new *\/\n    .kintro__col{margin-left: auto; margin-right: auto;}\n\n    \/* mobile *\/\n    @media screen and (max-width: 767px) {\n        .kintro__top{flex-direction: column; align-items: flex-start;}\n        .kintro__button{margin-top: 10px;}\n    }\n\n    \/* ipad *\/\n    @media screen and (min-width: 768px) and  (max-width: 992px){\n\n    }\n\n    \/* ipad pro *\/\n    @media screen and (min-width: 992px) and  (max-width: 1200px){\n\n    }\n\n\n<\/style>\n\n<script>\n    window.addEventListener('DOMContentLoaded', function() {\n        jQuery(function ($) {\n\n        });\n    });\n<\/script>\n\n    <div class=\"pure-containerFluid pureCol \">\n    <div class=\"pure-container\">         <div class=\"pure-row\">\n            <div class=\"pure-g\">\n                <div class=\"pure-u-1-1 pure-u-md-16-24 offset-md-1-6\">\n\n\n\n\n<style>\n\n    .formContacts input[type=\"submit\"]{ background-color: rgb(212,93,0); border: 0;\n    color: #ffffff; text-transform: uppercase; padding: 20px; font-size: 16px; font-family: 'Roboto', sans-serif;\n    min-width: 250px; font-weight: 600; cursor: pointer; margin-top: 30px;}\n    .pureCol a{color: rgb(212,93,0);}\n\n    \/* mobile *\/\n    @media screen and (max-width: 767px) {\n\n    }\n\n    \/* ipad *\/\n    @media screen and (min-width: 768px) and  (max-width: 992px){\n\n    }\n\n    \/* ipad pro *\/\n    @media screen and (min-width: 992px) and  (max-width: 1200px){\n\n    }\n\n<\/style>\n\n\n<p><strong>La inspecci\u00f3n del nivel de llenado<\/strong> es uno de los puntos cr\u00edticos de control: comprobar que cada botella, lata o envase contiene el volumen correcto de l\u00edquido y no deja a los consumidores con unidades medio vac\u00edas o demasiado llenas. Ante el aumento de los controles reglamentarios, la presi\u00f3n de los costes y los riesgos para la reputaci\u00f3n de la marca, las grandes empresas recurren a especialistas como Antares Vision Group, reconocido como l\u00edder del mercado en tecnolog\u00eda <a href=\"https:\/\/antaresvisiongroup.com\/beverage\/es\/inspection\/products\/?f=829\">de inspecci\u00f3n de bebidas<\/a>.<\/p>\n\n\n\n<hr class=\"wp-block-separator has-alpha-channel-opacity\" \/>\n\n\n\n<h2 class=\"wp-block-heading\"><strong>\u00bfPor qu\u00e9 es importante la inspecci\u00f3n del nivel de llenado en la industria de bebidas?<\/strong><\/h2>\n\n\n\n<p>Cuando en la industria de las bebidas se producen millones de unidades al d\u00eda, las diferencias m\u00e1s peque\u00f1as en los niveles de llenado suman. Eso es lo que est\u00e1 en juego:<\/p>\n\n\n\n<ul class=\"wp-block-list\">\n<li><strong>Cumplimiento de la normativa<\/strong> &#8211; Muchas jurisdicciones regulan los niveles m\u00ednimos y m\u00e1ximos de llenado; su incumplimiento puede acarrear multas o amonestaciones.<\/li>\n\n\n\n<li><strong>Confianza del consumidor<\/strong> &#8211; Un \u00edndice de llenado visiblemente bajo o la incoherencia da\u00f1an la reputaci\u00f3n de la marca.<\/li>\n\n\n\n<li><strong>Control de costes<\/strong> &#8211; El sobrellenado aumenta los costes unitarios y reduce los m\u00e1rgenes. El llenado insuficiente puede dar lugar a costosas retiradas de productos.<\/li>\n\n\n\n<li><strong>Eficacia de la producci\u00f3n<\/strong>: la detecci\u00f3n precoz de fallos (en la llenadora y no en las fases posteriores) reduce la p\u00e9rdida de tiempo y energ\u00eda. Adem\u00e1s, la supervisi\u00f3n del rendimiento de la llenadora permite detectar desviaciones y aplicar ajustes preventivos antes de que se produzcan rechazos.<\/li>\n<\/ul>\n\n\n\n<p>En sistemas como los de Antares Vision Group, el sistema de inspecci\u00f3n del nivel de llenado est\u00e1 dise\u00f1ado para detectar el nivel de llenado correcto dentro de la botella, eliminando los envases que no cumplen la normativa. La industria de las bebidas, con su mezcla de vidrio, PET, HDPE, latas y formatos variables, presenta un entorno complejo.<\/p>\n\n\n\n<hr class=\"wp-block-separator has-alpha-channel-opacity\" \/>\n\n\n\n<h2 class=\"wp-block-heading\"><strong>Esto dificulta la comprobaci\u00f3n exacta del nivel de llenado.<\/strong><\/h2>\n\n\n\n<p>Existen varios obst\u00e1culos a la hora de implantar un s\u00f3lido <a href=\"https:\/\/antaresvisiongroup.com\/beverage\/it\/inspection\/prodotti-ispezioni\/?f=453\">control<\/a> <a href=\"https:\/\/antaresvisiongroup.com\/beverage\/es\/inspection\/products\/?f=829\">del nivel de llen<\/a> ado en una l\u00ednea de producci\u00f3n de bebidas:<\/p>\n\n\n\n<h3 class=\"wp-block-heading\"><strong>Variaciones de envase y formato<\/strong><\/h3>\n\n\n\n<ul class=\"wp-block-list\">\n<li>En funci\u00f3n del tama\u00f1o de las botellas o del tipo de envase (PET, vidrio, HDPE, metal), el tipo de tecnolog\u00eda necesaria y su calibraci\u00f3n pueden variar.<\/li>\n\n\n\n<li>Velocidad: la inspecci\u00f3n debe adaptarse a la velocidad de la l\u00ednea sin crear cuellos de botella.<\/li>\n<\/ul>\n\n\n\n<h3 class=\"wp-block-heading\"><strong>Turbulencia de espumas y l\u00edquidos<\/strong><\/h3>\n\n\n\n<ul class=\"wp-block-list\">\n<li>En las bebidas carbonatadas, la formaci\u00f3n de espuma puede enmascarar el nivel real del l\u00edquido. El sistema debe compensar la formaci\u00f3n de espuma para evitar lecturas err\u00f3neas.<\/li>\n\n\n\n<li>La inspecci\u00f3n debe realizarse en un punto de la l\u00ednea en el que el producto se encuentre en un estado constante, es decir, evitando los puntos de cambio de banda que podr\u00edan provocar un nivel de llenado inestable.<\/li>\n<\/ul>\n\n\n\n<h3 class=\"wp-block-heading\"><strong>Integraci\u00f3n de datos y registro de datos de producci\u00f3n<\/strong><\/h3>\n\n\n\n<ul class=\"wp-block-list\">\n<li>La producci\u00f3n moderna de bebidas requiere adquisici\u00f3n de datos, an\u00e1lisis y cuadros de mando. Sin las conexiones adecuadas, la inspecci\u00f3n se convierte en un silo. Con las funciones adecuadas, el nivel de llenado se convierte en el ojo que vigila los sistemas de llenado y tapado, garantizando una producci\u00f3n sin problemas.<\/li>\n\n\n\n<li>Los datos de producci\u00f3n y los rechazos deben etiquetarse y rastrearse: un descuido podr\u00eda costar el valor de la marca y la incapacidad de gestionar reclamaciones y retiradas.<\/li>\n<\/ul>\n\n\n\n<h3 class=\"wp-block-heading\"><strong>C\u00f3mo funciona<\/strong><\/h3>\n\n\n\n<ul class=\"wp-block-list\">\n<li>La inspecci\u00f3n del nivel de llenado se basa en tecnolog\u00eda de alta frecuencia o rayos X, seg\u00fan las caracter\u00edsticas del envase y del producto.<\/li>\n\n\n\n<li>La se\u00f1al atraviesa el producto en el nivel de llenado previsto y su interacci\u00f3n con el l\u00edquido devuelve el nivel de llenado real de la botella.<\/li>\n\n\n\n<li>Si se comprueba un nivel m\u00e1ximo preestablecido, el envase se considerar\u00e1 sobrellenado.<\/li>\n\n\n\n<li>Si no se comprueba un nivel m\u00ednimo preestablecido, el envase se considerar\u00e1 subllenado.<\/li>\n\n\n\n<li>Entre mediciones, se indica que el envase tiene un nivel de llenado correcto.<\/li>\n<\/ul>\n\n\n\n<hr class=\"wp-block-separator has-alpha-channel-opacity\" \/>\n\n\n\n<h2 class=\"wp-block-heading\"><strong>Soluciones: c\u00f3mo funcionan los sistemas avanzados de inspecci\u00f3n del nivel de llenado<\/strong><\/h2>\n\n\n\n<p>Para hacer frente a estos retos, los sistemas de inspecci\u00f3n modernos utilizan una combinaci\u00f3n de tecnolog\u00edas y estrategias de integraci\u00f3n. A continuaci\u00f3n se presenta la oferta de Antares Vision Group para el sector de las bebidas.<\/p>\n\n\n\n<h3 class=\"wp-block-heading\"><strong>Mediciones multitecnolog\u00eda<\/strong><\/h3>\n\n\n\n<ul class=\"wp-block-list\">\n<li>Sensores de alta frecuencia (HF) para pl\u00e1stico y vidrio, con opci\u00f3n de compensaci\u00f3n de espuma: el sistema detecta simult\u00e1neamente el volumen de l\u00edquido y de espuma y calcula el nivel de llenado real una vez que la espuma se ha disipado.<\/li>\n\n\n\n<li>Tecnolog\u00eda de rayos X para todos los materiales, incluido el metal<\/li>\n<\/ul>\n\n\n\n<h3 class=\"wp-block-heading\"><strong>Configuraciones integradas y aut\u00f3nomas<\/strong><\/h3>\n\n\n\n<ul class=\"wp-block-list\">\n<li>Los sistemas pueden <strong>integrarse directamente en el monobloque de llenado<\/strong>, lo que ahorra espacio y permite rechazar inmediatamente los envases no conformes. <\/li>\n\n\n\n<li>Tambi\u00e9n pueden instalarse estaciones de inspecci\u00f3n independientes aguas abajo si no es posible la incorporaci\u00f3n.<\/li>\n<\/ul>\n\n\n\n<h3 class=\"wp-block-heading\"><strong>An\u00e1lisis de datos y registros de producci\u00f3n<\/strong><\/h3>\n\n\n\n<ul class=\"wp-block-list\">\n<li>La plataforma ofrece funciones de an\u00e1lisis de datos y registro de la producci\u00f3n para apoyar a los equipos de calidad. <\/li>\n\n\n\n<li>Los datos de producci\u00f3n alimentan los ciclos de mejora continua.<\/li>\n\n\n\n<li>Una combinaci\u00f3n de sensores y software para analizar y procesar los datos recogidos. Proporciona una evaluaci\u00f3n inmediata e intuitiva del rendimiento de la m\u00e1quina de llenado, identificando las causas precisas de la ineficacia. <a href=\"https:\/\/antaresvisiongroup.com\/beverage\/es\/products\/supervision\/\">M\u00e1s informaci\u00f3n<\/a><\/li>\n<\/ul>\n\n\n\n<h3 class=\"wp-block-heading\"><strong>Flexibilidad del espacio y adaptabilidad de los formatos<\/strong><\/h3>\n\n\n\n<ul class=\"wp-block-list\">\n<li>El sistema gestiona varios formatos de botella en la misma l\u00ednea. <\/li>\n\n\n\n<li>Su reducido tama\u00f1o la hace ideal para l\u00edneas de bebidas de alta velocidad y gran variedad.<\/li>\n<\/ul>\n\n\n\n<hr class=\"wp-block-separator has-alpha-channel-opacity\" \/>\n\n\n\n<h2 class=\"wp-block-heading\"><strong>Beneficios: Impacto comercial de una inspecci\u00f3n estricta del nivel de llenado<\/strong><\/h2>\n\n\n\n<p>La aplicaci\u00f3n de una inspecci\u00f3n eficaz del nivel de llenado en la industria de las bebidas aporta beneficios tangibles:<\/p>\n\n\n\n<ul class=\"wp-block-list\">\n<li><strong>Mejora del cumplimiento de la normativa<\/strong>: garantiza que cada unidad cumple los requisitos legales de llenado y evita sanciones.<\/li>\n\n\n\n<li><strong>Reducci\u00f3n de residuos y recorte de costes<\/strong>: la detecci\u00f3n precoz de botellas infrallenadas minimiza la p\u00e9rdida de tiempo y energ\u00eda; la detecci\u00f3n de sobrellenados preserva los m\u00e1rgenes.<\/li>\n\n\n\n<li><strong>Aumento de la satisfacci\u00f3n del consumidor<\/strong>: los niveles de llenado uniformes generan confianza, mientras que las diferencias visibles o las botellas poco llenas la minan.<\/li>\n\n\n\n<li><strong>Aumento de la eficacia y el rendimiento de la l\u00ednea<\/strong>: una detecci\u00f3n precoz significa menos reprocesamientos, menos lotes rechazados y menos tiempo de inactividad.<\/li>\n\n\n\n<li><strong>Decisiones basadas en datos<\/strong>: gracias a las capacidades anal\u00edticas, los equipos operativos pueden supervisar los cambios en los niveles de llenado, identificar las causas y aplicar soluciones r\u00e1pidamente.<\/li>\n\n\n\n<li><strong>Escalabilidad entre formatos<\/strong>: a medida que las empresas de bebidas introducen m\u00e1s SKU, el sistema de inspecci\u00f3n se adapta sin pens\u00e1rselo mucho.<\/li>\n<\/ul>\n\n\n\n<p>Para las empresas que buscan mantener la percepci\u00f3n de una marca de primera calidad al tiempo que gestionan las presiones de costes y las limitaciones de cumplimiento, la soluci\u00f3n adecuada de inspecci\u00f3n del nivel de llenado es una palanca estrat\u00e9gica.<\/p>\n\n\n\n<hr class=\"wp-block-separator has-alpha-channel-opacity\" \/>\n\n\n\n<h2 class=\"wp-block-heading\"><strong>FAQ<\/strong> &#8211; <strong>Comprobar el nivel de llenado <\/strong><\/h2>\n\n\n\n<h3 class=\"wp-block-heading\"><strong>\u00bfQu\u00e9 es la inspecci\u00f3n del nivel de llenado y por qu\u00e9 es importante en la industria de las bebidas?<\/strong><\/h3>\n\n\n\n<p>La inspecci\u00f3n del nivel de llenado consiste en comprobar el volumen de l\u00edquido de cada envase con respecto a los valores objetivo. En el sector de las bebidas, es crucial para el cumplimiento de la normativa, el control de costes y la integridad de la marca.<\/p>\n\n\n\n<h3 class=\"wp-block-heading\"><strong>\u00bfC\u00f3mo detecta y compensa la espuma un sistema de inspecci\u00f3n del nivel de llenado?<\/strong><\/h3>\n\n\n\n<p>Los sistemas de Antares Vision Group utilizan sensores de alta frecuencia para medir simult\u00e1neamente el volumen de l\u00edquido y de espuma. El sistema estima el nivel de llenado real que se producir\u00e1 una vez disuelta la espuma, lo que garantiza la m\u00e1xima precisi\u00f3n. <a href=\"https:\/\/antaresvisiongroup.com\/beverage\/es\/products\/inspeccion-del-nivel-de-llenado\/\">M\u00e1s informaci\u00f3n<\/a><\/p>\n\n\n\n<h3 class=\"wp-block-heading\"><strong>\u00bfPuede aplicarse la inspecci\u00f3n del nivel de llenado a distintos tipos de envases (PET, vidrio, metal)?<\/strong><\/h3>\n\n\n\n<p>S\u00ed, los sistemas modernos admiten varias tecnolog\u00edas: alta frecuencia para pl\u00e1sticos y vidrio; rayos X para todos los dem\u00e1s materiales, incluido el metal. Esta capacidad multitecnol\u00f3gica permite inspeccionar una amplia gama de tipos de envases.<\/p>\n\n\n\n<p><strong>\u00bfEn qu\u00e9 punto de la cadena de producci\u00f3n debe instalarse el control del nivel de llenado?<\/strong><br>Todo depende. Instalarlo directamente en el monobloque de llenado ahorra espacio y permite detectar r\u00e1pidamente los fallos. Tambi\u00e9n es posible utilizar una estaci\u00f3n independiente aguas abajo. En ambos casos, el control debe realizarse en un punto de la l\u00ednea donde todos los productos sean homog\u00e9neos.<\/p>\n\n\n\n<p><strong>\u00bfCu\u00e1les son las ventajas de la inspecci\u00f3n del nivel de llenado m\u00e1s all\u00e1 del cumplimiento de la normativa?<\/strong><br>M\u00e1s all\u00e1 del cumplimiento de la normativa, la inspecci\u00f3n del nivel de llenado aumenta el rendimiento del producto, reduce los residuos, mejora la confianza del consumidor y proporciona a los equipos de producci\u00f3n datos \u00fatiles para la mejora continua.<\/p>\n\n\n\n<p><strong>\u00bfPuede ampliarse la inspecci\u00f3n del nivel de llenado a varias SKU y formatos?<\/strong><br>S\u00ed. Los sistemas dise\u00f1ados para tama\u00f1os de botella flexibles, desde est\u00e1ndar hasta mignon, y lo suficientemente compactos como para manejar varias variantes de producto, hacen posible la ampliaci\u00f3n entre SKU.<\/p>\n\n\n\n<hr class=\"wp-block-separator has-alpha-channel-opacity\" \/>\n\n\n\n<h2 class=\"wp-block-heading\"><strong>Conclusi\u00f3n<\/strong><\/h2>\n\n\n\n<p>En la industria de las bebidas, el control de<strong>la inspecci\u00f3n del nivel de llenado<\/strong> es un &#8220;deber&#8221;, no s\u00f3lo para cumplir la normativa, sino tambi\u00e9n como elemento clave para preservar el valor de la marca, garantizar y maximizar el rendimiento. Empresas como Antares Vision Group, l\u00edderes en tecnolog\u00eda de inspecci\u00f3n, pueden ayudar a los fabricantes de bebidas a implantar soluciones integradas de alta precisi\u00f3n, formato flexible y capaces de satisfacer las exigencias de la producci\u00f3n moderna.<\/p>\n\n\n\n<p><a id=\"_msocom_4\"><\/a><\/p>\n\n\n\n                <\/div>\n            <\/div>\n        <\/div>\n     <\/div> <\/div>\n\n<style>\n\n    \/* mobile *\/\n    @media screen and (max-width: 767px) {\n\n    }\n\n    \/* ipad *\/\n    @media screen and (min-width: 768px) and  (max-width: 992px){\n\n    }\n\n    \/* ipad pro *\/\n    @media screen and (min-width: 992px) and  (max-width: 1200px){\n\n    }\n\n<\/style>","protected":false},"excerpt":{"rendered":"<p>La inspecci\u00f3n del nivel de llenado es uno de los puntos cr\u00edticos de control: comprobar&#8230;<\/p>\n","protected":false},"author":6,"featured_media":0,"parent":0,"menu_order":0,"comment_status":"closed","ping_status":"closed","template":"","meta":{"_acf_changed":false,"footnotes":""},"class_list":["post-4486","page","type-page","status-publish","hentry"],"acf":[],"lang":"es","translations":{"es":4486,"en":4473,"fr":4482,"it":4477,"pt":4667},"pll_sync_post":[],"_links":{"self":[{"href":"https:\/\/antaresvisiongroup.com\/beverage\/wp-json\/wp\/v2\/pages\/4486","targetHints":{"allow":["GET"]}}],"collection":[{"href":"https:\/\/antaresvisiongroup.com\/beverage\/wp-json\/wp\/v2\/pages"}],"about":[{"href":"https:\/\/antaresvisiongroup.com\/beverage\/wp-json\/wp\/v2\/types\/page"}],"author":[{"embeddable":true,"href":"https:\/\/antaresvisiongroup.com\/beverage\/wp-json\/wp\/v2\/users\/6"}],"replies":[{"embeddable":true,"href":"https:\/\/antaresvisiongroup.com\/beverage\/wp-json\/wp\/v2\/comments?post=4486"}],"version-history":[{"count":4,"href":"https:\/\/antaresvisiongroup.com\/beverage\/wp-json\/wp\/v2\/pages\/4486\/revisions"}],"predecessor-version":[{"id":4626,"href":"https:\/\/antaresvisiongroup.com\/beverage\/wp-json\/wp\/v2\/pages\/4486\/revisions\/4626"}],"wp:attachment":[{"href":"https:\/\/antaresvisiongroup.com\/beverage\/wp-json\/wp\/v2\/media?parent=4486"}],"curies":[{"name":"wp","href":"https:\/\/api.w.org\/{rel}","templated":true}]}}