{"id":4536,"date":"2025-12-09T14:12:45","date_gmt":"2025-12-09T13:12:45","guid":{"rendered":"https:\/\/antaresvisiongroup.com\/beverage\/?page_id=4536"},"modified":"2025-12-17T12:41:45","modified_gmt":"2025-12-17T11:41:45","slug":"ispezione-delle-etichette-nellindustria-delle-bevande","status":"publish","type":"page","link":"https:\/\/antaresvisiongroup.com\/beverage\/it\/ispezione-delle-etichette-nellindustria-delle-bevande\/","title":{"rendered":"Ispezione delle etichette nell&#8217;industria delle bevande"},"content":{"rendered":"\n<div class=\"kbreadcrumb\" id=\"k_year\">\n    <div class=\"pure-container\">\n        <div class=\"pure-g\">\n            <div class=\"pure-u-1-1\">\n                <div class=\"breadcrumbs\"><a href=\"https:\/\/antaresvisiongroup.com\/beverage\">Home<\/a> | <\/div>            <\/div>\n        <\/div>\n    <\/div>\n<\/div>\n\n<style>\n\n    .kbreadcrumb{max-width: 1330px; margin-right: auto; margin-left: auto; font-size: 14px; color: #222222; padding-top: 15px; padding-bottom: 15px;\n        font-family: 'Exo', sans-serif;}\n    .kbreadcrumb a{color: inherit; text-decoration: none;}\n\n    \/* mobile *\/\n    @media screen and (max-width: 767px) {\n        .kbreadcrumb{padding-right: 15px; padding-left: 15px;}\n    }\n\n    \/* ipad *\/\n    @media screen and (min-width: 768px) and  (max-width: 992px){\n        .kbreadcrumb{padding-right: 15px; padding-left: 15px;}\n    }\n\n    \/* ipad pro *\/\n    @media screen and (min-width: 992px) and  (max-width: 1200px){\n        .kbreadcrumb{padding-right: 15px; padding-left: 15px;}\n    }\n\n<\/style>\n\n\n<div class=\"pure-containerFluid kintro\">\n    <div class=\"pure-container\">\n        <div class=\"pure-g\">\n            <div class=\"pure-u-1-1 pure-u-md-16-24 kintro__col\">\n                <div class='kintro__top'>                    <a class=\"kintro__button\" href=\"https:\/\/antaresvisiongroup.com\/beverage\/it\/inspection\/prodotti-ispezioni\/?f=457\" target=\"\">\n                        <div class=\"kbutton__buttonTitle\">Scopri le nostre soluzioni<\/div>\n                        <svg id=\"Livello_button\" data-name=\"Livello 2\" xmlns=\"http:\/\/www.w3.org\/2000\/svg\" xmlns:xlink=\"http:\/\/www.w3.org\/1999\/xlink\" width=\"14\" height=\"14\" viewBox=\"0 0 14 14\">\n                            <defs>\n                                <style>\n                                    .kintro__button .cls-1{fill:none;}\n                                    .kintro__button .cls-2{clip-path:url(#clip-path-1)!important;}\n                                    .kintro__button .cls-3{clip-path:url(#clip-path-2-1)!important;}\n                                    .kintro__button .cls-4{clip-path:url(#clip-path-3-1)!important;}\n                                    .kintro__button .cls-5{fill: rgb(212,93,0)!important;}\n                                <\/style>\n                                <clipPath id=\"clip-path-1\">\n                                    <polygon class=\"cls-1\" points=\"2.099 12.999 1 11.9 10.344 2.557 1.824 2.557 1.824 1 13 1 13 12.176 11.443 12.176 11.443 3.656 2.099 12.999\"><\/polygon>\n                                <\/clipPath>\n                                <clipPath id=\"clip-path-2-1\">\n                                    <rect class=\"cls-1\" x=\"-1141\" y=\"-1543\" width=\"1680\" height=\"4770.9999\"><\/rect>\n                                <\/clipPath>\n                                <clipPath id=\"clip-path-3-1\">\n                                    <rect class=\"cls-1\" x=\"1\" y=\"1\" width=\"12\" height=\"12\"><\/rect>\n                                <\/clipPath>\n                            <\/defs>\n                            <title>k-arrow-blu<\/title>\n                            <g class=\"cls-2\"><g class=\"cls-3\"><g class=\"cls-4\"><g class=\"cls-4\"><rect class=\"cls-5\" width=\"14\" height=\"14\"><\/rect>\n                                            <rect class=\"cls-5\" width=\"14\" height=\"14\"><\/rect>\n                                        <\/g><\/g><\/g><\/g>\n                        <\/svg>\n                    <\/a>\n                <\/div><h1>Ispezione delle etichette nell&#8217;industria delle bevande<\/h1>            <\/div>\n        <\/div>\n    <\/div>\n<\/div>\n\n<style>\n\n    .kintro{}\n\n    .kintro{margin-top: 50px;}\n\n    .kintro__row{justify-content: center;}\n    .kintro__date{font-family: 'Exo', sans-serif;}\n    .kintro h1{color: rgb(212,93,0); border-top: 2px solid rgb(212,93,0); padding-top: 30px; margin-top: 10px;}\n    .kintro__thumb img{width: 100%; height: auto;}\n\n    .kintro__extraCont{display: flex; align-items: flex-end; margin-bottom: 20px; margin-top: 80px;}\n    .kintro__extraLineTitle{height: 2px; width: 50px; margin-bottom: 13px; margin-right: 30px;}\n    .kintro__extraCont h2 {font-size: 30px;margin-top: 0;margin-bottom: 0; text-transform: uppercase;}\n    .kintro a{color: rgb(212,93,0);}\n\n    .kintro__top{display: flex; justify-content: space-between; align-items: center; flex-wrap: wrap;}\n\n    \/* button *\/\n    .kintro__button{cursor: pointer; background-color: rgba(212,93,0, 0.08); ; margin-left: auto;\n        color: rgb(212,93,0); padding: 10px 15px; font-weight: 500; text-decoration: none;\n        display: flex; justify-content: space-between; min-width: 100px; width: auto;}\n    .kbutton__buttonTitle{border-bottom: 1px solid rgb(212,93,0); padding-bottom: 5px; text-transform: uppercase;}\n    .kintro__button svg{width: 16px; height: 16px; margin-top: 3px; margin-left: 15px;}\n\n    \/* new *\/\n    .kintro__col{margin-left: auto; margin-right: auto;}\n\n    \/* mobile *\/\n    @media screen and (max-width: 767px) {\n        .kintro__top{flex-direction: column; align-items: flex-start;}\n        .kintro__button{margin-top: 10px;}\n    }\n\n    \/* ipad *\/\n    @media screen and (min-width: 768px) and  (max-width: 992px){\n\n    }\n\n    \/* ipad pro *\/\n    @media screen and (min-width: 992px) and  (max-width: 1200px){\n\n    }\n\n\n<\/style>\n\n<script>\n    window.addEventListener('DOMContentLoaded', function() {\n        jQuery(function ($) {\n\n        });\n    });\n<\/script>\n\n    <div class=\"pure-containerFluid pureCol \">\n    <div class=\"pure-container\">         <div class=\"pure-row\">\n            <div class=\"pure-g\">\n                <div class=\"pure-u-1-1 pure-u-md-16-24 offset-md-1-6\">\n\n\n\n\n<style>\n\n    .formContacts input[type=\"submit\"]{ background-color: rgb(212,93,0); border: 0;\n    color: #ffffff; text-transform: uppercase; padding: 20px; font-size: 16px; font-family: 'Roboto', sans-serif;\n    min-width: 250px; font-weight: 600; cursor: pointer; margin-top: 30px;}\n    .pureCol a{color: rgb(212,93,0);}\n\n    \/* mobile *\/\n    @media screen and (max-width: 767px) {\n\n    }\n\n    \/* ipad *\/\n    @media screen and (min-width: 768px) and  (max-width: 992px){\n\n    }\n\n    \/* ipad pro *\/\n    @media screen and (min-width: 992px) and  (max-width: 1200px){\n\n    }\n\n<\/style>\n\n\n<p>Nel competitivo settore delle bevande di oggi, ogni prodotto che arriva al consumatore deve riflettere una qualit\u00e0 impeccabile. Un punto di controllo critico \u00e8 il processo di <strong>ispezione delle etichette<\/strong>, che verifica che ogni bottiglia, lattina o contenitore rechi l&#8217;etichetta corretta, applicata con precisione e priva di difetti. Con i produttori che cercano di ridurre al minimo gli sprechi, la conformit\u00e0 alle normative e la protezione del marchio, Antares Vision Group, leader del settore, ha sviluppato sistemi avanzati che apportano precisione ed efficienza all&#8217;ispezione delle etichette nella produzione di bevande.<\/p>\n\n\n\n<hr class=\"wp-block-separator has-alpha-channel-opacity\" \/>\n\n\n\n<h2 class=\"wp-block-heading\"><strong>Perch\u00e9 l&#8217;ispezione delle etichette \u00e8 fondamentale nelle bevande<\/strong><\/h2>\n\n\n\n<p>Nella produzione di bevande, l&#8217;etichetta \u00e8 pi\u00f9 di una decorazione: \u00e8 uno strumento di comunicazione (marchio, nutrizione, informazioni normative), un indicatore di tracciabilit\u00e0 e un componente dell&#8217;imballaggio la cui errata applicazione o difettosit\u00e0 pu\u00f2 comportare costosi scarti o richiami. Un&#8217;ispezione efficace delle etichette aiuta a garantire:<\/p>\n\n\n\n<ul class=\"wp-block-list\">\n<li><strong>Conformit\u00e0 alle normative<\/strong> &#8211; Le etichette devono contenere informazioni e codici corretti ed essere applicate entro le tolleranze specificate.<\/li>\n\n\n\n<li><strong>Integrit\u00e0 del marchio<\/strong> &#8211; Un&#8217;etichetta non allineata, strappata o errata erode la fiducia dei consumatori e pu\u00f2 danneggiare la reputazione del marchio.<\/li>\n\n\n\n<li><strong>Efficienza di produzione<\/strong> &#8211; Il rilevamento precoce di contenitori etichettati in modo difettoso previene le perdite a valle della linea.<\/li>\n\n\n\n<li><strong>Flessibilit\u00e0<\/strong> &#8211; Poich\u00e9 le aziende produttrici di bevande gestiscono diversi formati e design, un sistema di ispezione delle etichette robusto \u00e8 in grado di gestire i cambi di formato.<\/li>\n<\/ul>\n\n\n\n<hr class=\"wp-block-separator has-alpha-channel-opacity\" \/>\n\n\n\n<h2 class=\"wp-block-heading\"><strong>Cosa rende difficile l&#8217;ispezione delle etichette nelle linee di bevande<\/strong><\/h2>\n\n\n\n<p>L&#8217;implementazione di un sistema affidabile di ispezione delle etichette in un ambiente di bevande ad alta velocit\u00e0 richiede il superamento di diverse sfide chiave:<\/p>\n\n\n\n<h3 class=\"wp-block-heading\"><strong>Diversi tipi di contenitori e produzione flessibile<\/strong><\/h3>\n\n\n\n<p>I produttori di bevande producono spesso bottiglie o lattine rotonde, quadrate e ovali con etichette diverse (etichette fronte\/retro, avvolgenti, a manicotto e a colletto), a volte mescolando le forme in un&#8217;unica linea. In questi casi, il sistema di ispezione delle etichette deve adattarsi ai diversi prodotti e ai vari tipi di etichette.<\/p>\n\n\n\n<h3 class=\"wp-block-heading\"><strong>Rilevamento dei difetti nelle applicazioni di etichette complesse<\/strong><\/h3>\n\n\n\n<p>Le etichette possono avvolgersi, poggiare su collari o avere elementi trasparenti o opachi. Difetti come parti mancanti, doppia applicazione, etichette capovolte, pieghe, grinze, rotazioni o disallineamenti richiedono un&#8217;ispezione completa.<\/p>\n\n\n\n<p><strong>Alta velocit\u00e0 di linea e tempi di inattivit\u00e0 minimi<\/strong><\/p>\n\n\n\n<p>Nelle linee di produzione di bevande, l&#8217;ispezione delle etichette deve funzionare alla massima velocit\u00e0 di produzione, gestire rapidi cambi di formato e richiedere un intervento minimo dell&#8217;operatore. Il sistema deve evitare falsi scarti, fornire una configurazione rapida e integrarsi perfettamente.<\/p>\n\n\n\n<h3 class=\"wp-block-heading\"><strong>Ispezione del codice<\/strong><\/h3>\n\n\n\n<p>IE6000 include anche l&#8217;ispezione di tutti i tipi di codici: codici 1D (Interleaved 2 of 5, EAN, UPC), codici 2D (Datamatrix, QR code, PDF417) e codici alfanumerici. Per ogni tipo, pu\u00f2 eseguire tre livelli di verifica:<\/p>\n\n\n\n<ol start=\"1\" class=\"wp-block-list\">\n<li><strong>Presenza:<\/strong> verifica che il codice sia stato stampato.<\/li>\n\n\n\n<li><strong>Integrit\u00e0:<\/strong> verifica che il codice sia completo, senza analizzare i singoli caratteri.<\/li>\n\n\n\n<li><strong>OCR (Optical Character Recognition):<\/strong> legge e interpreta il testo stampato, confrontandolo con il valore previsto.<\/li>\n<\/ol>\n\n\n\n<h3 class=\"wp-block-heading\"><strong>Integrazione e tracciabilit\u00e0 dei dati<\/strong><\/h3>\n\n\n\n<p>La moderna produzione di bevande richiede non solo un&#8217;ispezione visiva, ma anche l&#8217;acquisizione, l&#8217;analisi e la tracciabilit\u00e0 dei dati. I sistemi di ispezione delle etichette devono integrarsi con i sistemi di controllo della linea, memorizzare le immagini e fornire analisi a supporto dei team di revisione e di qualit\u00e0.<\/p>\n\n\n\n<h3 class=\"wp-block-heading\"><strong>Come funziona<\/strong><\/h3>\n\n\n\n<ul class=\"wp-block-list\">\n<li>Il contenitore rotondo non orientato entra nella camera di ispezione, dotata di un sistema di illuminazione diffusa e di una protezione completa dalla luce ambientale per garantire condizioni di ispezione uniformi.<\/li>\n\n\n\n<li>Quando il prodotto si trova al centro della camera, 4 telecamere posizionate ai quattro angoli acquisiscono le immagini.<\/li>\n\n\n\n<li>Il software, potenziato dall&#8217;intelligenza artificiale, rileva automaticamente la bottiglia e ne ricostruisce il modello 3D.<\/li>\n\n\n\n<li>Utilizzando il motore 3D, il software srotola virtualmente la superficie della bottiglia sul piano, compensando automaticamente le variazioni fisiologiche della bottiglia (piccola inclinazione del collo, piccole variazioni di forma, ecc.)<\/li>\n\n\n\n<li>Il sistema analizza le etichette srotolate con la massima accuratezza; l&#8217;ispezione include goffrature, grafica, integrit\u00e0 e corretta applicazione delle etichette, lettura di codici alfanumerici, 1D e 2D.<\/li>\n<\/ul>\n\n\n\n<hr class=\"wp-block-separator has-alpha-channel-opacity\" \/>\n\n\n\n<h2 class=\"wp-block-heading\"><strong>Soluzioni: Come funzionano i sistemi avanzati di ispezione delle etichette<\/strong><\/h2>\n\n\n\n<p>Per affrontare queste sfide, l&#8217;IE6000 di Antares Vision Group e i sistemi correlati apportano diverse tecnologie e caratteristiche di progettazione adattate al mondo delle bevande<\/p>\n\n\n\n<h3 class=\"wp-block-heading\"><strong>Ispezione 3D AI-powered per qualsiasi forma<\/strong><\/h3>\n\n\n\n<p>L&#8217;IE6000 utilizza l&#8217;intelligenza artificiale per rilevare automaticamente la forma del contenitore e costruire un modello 3D per l&#8217;ispezione.<br>Ci\u00f2 significa che, qualunque sia la forma del contenitore, il sistema compensa la curvatura della superficie.<br>Il sistema ricostruisce e &#8220;scarta&#8221; virtualmente la superficie dell&#8217;etichetta per l&#8217;ispezione, garantendo cos\u00ec un&#8217;ispezione affidabile delle etichette in tutte le forme e orientamenti.<\/p>\n\n\n\n<h3 class=\"wp-block-heading\"><strong>Sistema multicamera per una copertura completa<\/strong><\/h3>\n\n\n\n<p>A seconda della geometria del container, il sistema utilizza quattro o sei telecamere per acquisire da pi\u00f9 angolazioni:<\/p>\n\n\n\n<ul class=\"wp-block-list\">\n<li>Per i contenitori cilindrici: quattro telecamere per un&#8217;ispezione a 360\u00b0.<\/li>\n\n\n\n<li>Per contenitori non cilindrici o orientati: due telecamere per l&#8217;ispezione dell&#8217;etichetta anteriore\/posteriore sul corpo + quattro telecamere agli angoli per l&#8217;ispezione dell&#8217;etichetta del collo.<br>Questa architettura di telecamere garantisce un controllo accurato dell&#8217;integrit\u00e0 delle etichette, la lettura dei codici e l&#8217;allineamento della goffratura.<\/li>\n<\/ul>\n\n\n\n<h3 class=\"wp-block-heading\"><strong>Ampio raggio di ispezione<\/strong><\/h3>\n\n\n\n<p>Il sistema supporta una serie completa di ispezioni:<\/p>\n\n\n\n<ul class=\"wp-block-list\">\n<li>Presenza\/assenza dell&#8217;etichetta<\/li>\n\n\n\n<li>Posizionamento (verticale, orizzontale, rotazione)<\/li>\n\n\n\n<li>Qualit\u00e0\/integrit\u00e0 dell&#8217;etichetta (grinze, strappi, doppia applicazione)<\/li>\n\n\n\n<li>Rilevamento e allineamento dei rilievi (tramite AI)<\/li>\n\n\n\n<li>Ispezione dei codici (codici 1D\/2D, QR, OCR)<\/li>\n\n\n\n<li>Funziona con etichette frontali, posteriori, avvolgenti o a manica su superfici opache o trasparenti.<br>Questa ampiezza consente ai produttori di bevande di coprire tutti i principali tipi di difetti delle etichette con un unico modulo di ispezione.<\/li>\n<\/ul>\n\n\n\n<h3 class=\"wp-block-heading\"><strong>Ingombro ridotto ed elevata flessibilit\u00e0<\/strong><\/h3>\n\n\n\n<p>In IE6000, HMI e Vision PC sono integrati nel modulo di ispezione, formando un monoblocco con un ingombro minimo.<br>Inoltre, supporta impostazioni e cambi di formato rapidi, riducendo l&#8217;intervento dell&#8217;operatore e i tempi di inattivit\u00e0.<\/p>\n\n\n\n<h2 class=\"wp-block-heading\"><strong>Un&#8217;ampia gamma di soluzioni<\/strong><\/h2>\n\n\n\n<p><strong>IE6000<\/strong> \u00e8 il sistema pi\u00f9 avanzato e completo per l&#8217;<a href=\"https:\/\/antaresvisiongroup.com\/beverage\/it\/products\/ispezione-etichetta-per-qualsiasi-tipo-di-contenitore-ie6000\/\">ispezione delle etichette<\/a>.<br>L&#8217;ampio portafoglio di AVG comprende anche diverse altre soluzioni, ciascuna progettata per applicazioni specifiche:<\/p>\n\n\n\n<p><strong>IE4000 Plus<br><\/strong>Ispezione con AI di qualsiasi tipo di etichetta (fronte\/retro, avvolgente, a manica, a colletto, opaca o parzialmente trasparente) applicata a contenitori rotondi non orientati. <a href=\"https:\/\/antaresvisiongroup.com\/beverage\/it\/products\/ispezione-completa-della-etichetta-ie-4000\/\">Per saperne di pi\u00f9<\/a><\/p>\n\n\n\n<p><strong>IE700<br><\/strong>Un sistema di ispezione delle etichette per prodotti orientati, che fornisce un&#8217;ispezione completa fronte\/retro. <a href=\"https:\/\/antaresvisiongroup.com\/beverage\/it\/products\/ispezione-etichetta-per-prodotti-orientati-ie700\/\">Scoprire di pi\u00f9<\/a><\/p>\n\n\n\n<p><strong>IC700<br><\/strong>Sistema di ispezione dei codici che consente la verifica completa di tutti i codici. Assicura la completa conformit\u00e0 e la lettura accurata dei codici 2D (codici a barre, Datamatrix, QR-code, ecc.) e delle informazioni alfanumeriche (numero di lotto, data di scadenza, ecc.) stampate sul corpo del contenitore, sul tappo o sull&#8217;etichetta mediante sistemi di visione. <a href=\"https:\/\/antaresvisiongroup.com\/beverage\/it\/products\/ispezione-codice-ic-700\/\">Per saperne di pi\u00f9<\/a><\/p>\n\n\n\n<hr class=\"wp-block-separator has-alpha-channel-opacity\" \/>\n\n\n\n<h2 class=\"wp-block-heading\"><strong>Vantaggi: Quali vantaggi traggono i produttori di bevande da una solida ispezione delle etichette<\/strong><\/h2>\n\n\n\n<p>Investire nell&#8217;ispezione avanzata delle etichette offre vantaggi operativi e qualitativi misurabili:<\/p>\n\n\n\n<ul class=\"wp-block-list\">\n<li><strong>Miglioramento dell&#8217;accuratezza delle etichette e della presentazione dei prodotti<\/strong>: Assicura che ogni prodotto rechi l&#8217;etichetta corretta e correttamente applicata, migliorando la percezione del marchio.<\/li>\n\n\n\n<li><strong>Riduzione degli scarti e dei rifiuti<\/strong>: I contenitori etichettati difettosi vengono identificati prima dell&#8217;imballaggio o della spedizione, risparmiando i costi di rilavorazione o smaltimento.<\/li>\n\n\n\n<li><strong>Aumento dei tempi di produzione<\/strong>: Con meno guasti alle etichette, meno arresti di linea e meno interventi manuali, l&#8217;efficienza complessiva delle apparecchiature (OEE) migliora.<\/li>\n\n\n\n<li><strong>Supporto per pi\u00f9 formati<\/strong>: L&#8217;ispezione flessibile consente ai produttori di bevande di adattarsi rapidamente a nuovi contenitori o etichette senza dover ricorrere a sistemi separati.<\/li>\n\n\n\n<li><strong>Maggiore tracciabilit\u00e0 e controllo della qualit\u00e0<\/strong>: Grazie all&#8217;archiviazione delle immagini, all&#8217;analisi e ai registri dei dati, i team della qualit\u00e0 ottengono informazioni sui difetti, sulle tendenze e sull&#8217;eliminazione delle cause principali.<\/li>\n\n\n\n<li><strong>Protezione del marchio e conformit\u00e0 alle normative<\/strong>: Garantendo l&#8217;integrit\u00e0 dell&#8217;etichetta e la leggibilit\u00e0 del codice, il sistema aiuta a mantenere la conformit\u00e0 e a prevenire reclami sul mercato o bottiglie invendute.<\/li>\n<\/ul>\n\n\n\n<hr class=\"wp-block-separator has-alpha-channel-opacity\" \/>\n\n\n\n<h2 class=\"wp-block-heading\"><strong>FAQ<\/strong> &#8211; Ispezione delle etichette<\/h2>\n\n\n\n<h3 class=\"wp-block-heading\"><strong>Che cos&#8217;\u00e8 l&#8217;ispezione delle etichette e perch\u00e9 \u00e8 fondamentale nel settore delle bevande?<\/strong><\/h3>\n\n\n\n<p>L&#8217;ispezione delle etichette si riferisce alla verifica automatizzata delle etichette sui contenitori di bevande, per garantire la presenza, il corretto posizionamento, l&#8217;integrit\u00e0 e la leggibilit\u00e0 dei codici. Nell&#8217;industria delle bevande, previene le etichette difettose che potrebbero causare l&#8217;insoddisfazione dei consumatori, la non conformit\u00e0 alle normative o il danneggiamento del marchio.<\/p>\n\n\n\n<h3 class=\"wp-block-heading\"><strong>Come fa un sistema di ispezione delle etichette a gestire contenitori di forme e orientamenti diversi?<\/strong><\/h3>\n\n\n\n<p>I sistemi moderni come l&#8217;IE6000 utilizzano l&#8217;intelligenza artificiale per rilevare la forma del contenitore e costruire un modello 3D. I sistemi multicamera (4 o 6 telecamere) acquisiscono immagini a varie angolazioni, quindi ricostruiscono e &#8220;srotolano&#8221; virtualmente la superficie dell&#8217;etichetta per l&#8217;ispezione, garantendo una verifica affidabile dell&#8217;etichetta in tutte le forme e orientamenti.<\/p>\n\n\n\n<h3 class=\"wp-block-heading\"><strong>Quali tipi di difetti delle etichette pu\u00f2 rilevare l&#8217;ispezione?<\/strong><\/h3>\n\n\n\n<p>La macchina controlla la presenza di: etichette mancanti, etichette applicate in modo errato (disallineamento verticale\/orizzontale, rotazione), etichette capovolte, doppia applicazione, problemi di qualit\u00e0 delle etichette (pieghe, grinze, strappi, parti mancanti), goffratura non allineata, codici illeggibili o mancanti (1D\/2D) e posizionamento errato.<\/p>\n\n\n\n<h3 class=\"wp-block-heading\"><strong>I sistemi di ispezione delle etichette possono integrarsi nelle linee di produzione delle bevande esistenti senza subire gravi interruzioni?<\/strong><\/h3>\n\n\n\n<p>S\u00ec. Il sistema descritto \u00e8 compatto (ingombro minimo) e supporta cambi di formato rapidi, riducendo l&#8217;intervento dell&#8217;operatore e i tempi di inattivit\u00e0. L&#8217;integrazione pu\u00f2 avvenire in linea o stand-alone, a seconda del layout di produzione.<\/p>\n\n\n\n<h3 class=\"wp-block-heading\"><strong>Quali vantaggi misurabili offre l&#8217;ispezione delle etichette ai produttori di bevande?<\/strong><\/h3>\n\n\n\n<p>I vantaggi includono: riduzione degli scarti e delle rilavorazioni, miglioramento della qualit\u00e0 del marchio, cambi di formato pi\u00f9 rapidi, miglioramento della qualit\u00e0 basato sui dati, maggiore conformit\u00e0, aumento dei tempi di attivit\u00e0 della linea e prevenzione dei reclami del mercato.<\/p>\n\n\n\n<h3 class=\"wp-block-heading\"><strong>Cosa distingue la soluzione di ispezione delle etichette di Antares Vision Group?<\/strong><\/h3>\n\n\n\n<p>La soluzione IE6000 offre una combinazione di modellazione 3D AI-powered, ispezione multi-camera per qualsiasi forma di contenitore, copertura completa dei difetti di etichette e codici, design compatto e intervento minimo dell&#8217;operatore. Ci\u00f2 la rende particolarmente adatta al settore delle bevande, con il suo mix di formati e l&#8217;elevata produttivit\u00e0.<\/p>\n\n\n\n<hr class=\"wp-block-separator has-alpha-channel-opacity\" \/>\n\n\n\n<h2 class=\"wp-block-heading\"><strong>Conclusione<\/strong><\/h2>\n\n\n\n<p>Per i produttori di bevande che puntano all&#8217;eccellenza, l&#8217;<strong>ispezione<\/strong> efficace <strong>delle etichette<\/strong> \u00e8 pi\u00f9 di un accessorio di qualit\u00e0: \u00e8 una necessit\u00e0 strategica. Verificando che ogni contenitore rechi l&#8217;etichetta giusta, applicata correttamente e conforme ai codici, proteggete il vostro marchio, riducete gli sprechi e ottimizzate la produzione. Con Antares Vision Group, leader di mercato nelle soluzioni di ispezione per l&#8217;industria delle bevande, avete accesso a sistemi all&#8217;avanguardia, come l&#8217;IE6000, che offrono precisione, flessibilit\u00e0 e approfondimenti basati sui dati. Se siete pronti a innalzare il livello di qualit\u00e0 delle vostre etichette e a ottimizzare le prestazioni della vostra linea, contattate oggi stesso Antares Vision Group e scoprite come l&#8217;ispezione avanzata delle etichette possa diventare un vantaggio competitivo.<\/p>\n\n\n\n<hr class=\"wp-block-separator has-alpha-channel-opacity\" \/>\n\n\n\n<p><a id=\"_msocom_1\"><\/a><a id=\"_msocom_4\"><\/a><\/p>\n\n\n\n                <\/div>\n            <\/div>\n        <\/div>\n     <\/div> <\/div>\n\n<style>\n\n    \/* mobile *\/\n    @media screen and (max-width: 767px) {\n\n    }\n\n    \/* ipad *\/\n    @media screen and (min-width: 768px) and  (max-width: 992px){\n\n    }\n\n    \/* ipad pro *\/\n    @media screen and (min-width: 992px) and  (max-width: 1200px){\n\n    }\n\n<\/style>","protected":false},"excerpt":{"rendered":"<p>Nel competitivo settore delle bevande di oggi, ogni prodotto che arriva al consumatore deve riflettere&#8230;<\/p>\n","protected":false},"author":6,"featured_media":0,"parent":0,"menu_order":0,"comment_status":"closed","ping_status":"closed","template":"","meta":{"_acf_changed":false,"footnotes":""},"class_list":["post-4536","page","type-page","status-publish","hentry"],"acf":[],"lang":"it","translations":{"it":4536,"en":4509,"es":4532,"fr":4540,"pt":4658},"pll_sync_post":[],"_links":{"self":[{"href":"https:\/\/antaresvisiongroup.com\/beverage\/wp-json\/wp\/v2\/pages\/4536","targetHints":{"allow":["GET"]}}],"collection":[{"href":"https:\/\/antaresvisiongroup.com\/beverage\/wp-json\/wp\/v2\/pages"}],"about":[{"href":"https:\/\/antaresvisiongroup.com\/beverage\/wp-json\/wp\/v2\/types\/page"}],"author":[{"embeddable":true,"href":"https:\/\/antaresvisiongroup.com\/beverage\/wp-json\/wp\/v2\/users\/6"}],"replies":[{"embeddable":true,"href":"https:\/\/antaresvisiongroup.com\/beverage\/wp-json\/wp\/v2\/comments?post=4536"}],"version-history":[{"count":3,"href":"https:\/\/antaresvisiongroup.com\/beverage\/wp-json\/wp\/v2\/pages\/4536\/revisions"}],"predecessor-version":[{"id":4636,"href":"https:\/\/antaresvisiongroup.com\/beverage\/wp-json\/wp\/v2\/pages\/4536\/revisions\/4636"}],"wp:attachment":[{"href":"https:\/\/antaresvisiongroup.com\/beverage\/wp-json\/wp\/v2\/media?parent=4536"}],"curies":[{"name":"wp","href":"https:\/\/api.w.org\/{rel}","templated":true}]}}