{"id":655,"date":"2022-12-14T11:20:23","date_gmt":"2022-12-14T10:20:23","guid":{"rendered":"https:\/\/www.antaresvisiongroup.com\/beverage\/?page_id=655"},"modified":"2024-03-01T14:16:12","modified_gmt":"2024-03-01T13:16:12","slug":"prestations-de-service","status":"publish","type":"page","link":"https:\/\/antaresvisiongroup.com\/beverage\/fr\/prestations-de-service\/","title":{"rendered":"Service"},"content":{"rendered":"\n<div class=\"pure-containerFluid kheadergeneral\">\n    <div class=\"kheadergeneral__single\">\n        <div class=\"kheadergeneral__singleLeft\">\n            <div class=\"kheadergeneral__singleCont\">\n                <div class=\"kheadergeneral__singleLine\"><\/div>\n\n                                    <h1>Services<\/h1>\n                \n                            <\/div>\n        <\/div>\n        <div class=\"kheadergeneral__singleRight\">\n            <div class=\"kheadergeneral__singleRightMask\"><\/div>\n            <img decoding=\"async\" class=\"kheadergeneral__singleImgDesk\" loading=\"lazy\" width=\"1300\" height=\"336\" src=\"https:\/\/antaresvisiongroup.com\/beverage\/wp-content\/uploads\/sites\/5\/2023\/02\/service-desk.jpg\" alt=\"[] - Antares Vision Group\">\n            <img decoding=\"async\" class=\"kheadergeneral__singleImgMob\" loading=\"lazy\" width=\"600\" height=\"400\" src=\"https:\/\/antaresvisiongroup.com\/beverage\/wp-content\/uploads\/sites\/5\/2023\/02\/service-mob.jpg\" alt=\"[] - Antares Vision Group\">\n        <\/div>\n    <\/div>\n<\/div>\n\n<style>\n\n    .kheadergeneral__singleRightMask{position: absolute; left: -1px; top: -1px; width: calc(100% + 2px); height: calc(100% + 2px);\n        background: url(\"https:\/\/antaresvisiongroup.com\/beverage\/wp-content\/themes\/mercury_theme\/assets\/images\/Mask-hero-invertita-2.svg\"); background-repeat: no-repeat;\n        background-size: contain; }\n\n    .kheadergeneral{\/*max-width: 2000px; margin-left: auto; margin-right: auto;*\/}\n    .kheadergeneral__singleLine{height: 2px;width: 50%; background-color: #d45d00; margin-bottom: 20px;}\n    .kheadergeneral__single{display: flex; align-items: center;}\n    .kheadergeneral__singleLeft{width: 45%;}\n    .kheadergeneral__singleCont{max-width: 600px; margin-left: auto; margin-right: auto;}\n    .kheadergeneral__singleLeft h1{color: #d45d00; font-weight: 600; font-size: 37px; line-height: 1.1; text-transform: uppercase;}\n    .kheadergeneral__singleLeft a{display: flex;align-items: center;color: #d45d00;font-size: 15px;font-weight: 600;margin-top: 40px; text-decoration: none;}\n    .kheadergeneral__singleLeft svg{margin-left: 20px; margin-bottom: 2px;}\n    .kheadergeneral__singleLeft svg rect{fill: #d45d00; }\n    .kheadergeneral__singleRight{width: 55%; position: relative; display: flex; align-items: center;}\n    .kheadergeneral__single img{width: 100%; height: auto;}\n    .kheadergeneral__singleImgMob{display: none;}\n\n    \/* mobile *\/\n    @media screen and (max-width: 767px) {\n        .kheadergeneral__singleImgDesk{display: none;}\n        .kheadergeneral__singleImgMob{display: block;}\n        .kheadergeneral__single{flex-direction: column; margin-top: 30px;}\n        .kheadergeneral__singleLeft{width: calc(100% - 30px); padding-left: 15px; padding-right: 15px;}\n        .kheadergeneral__singleRight{width: 100%; margin-top: 30px;}\n        .kheadergeneral__singleLeft h1{font-size: 24px;}\n        .kheadergeneral__singleLeft a{margin-top: 15px;}\n\n        .kheadergeneral__singleRightMask{position: absolute; top: -1px; width: calc(100%); height: calc(100% + 2px);\n            background: url(\"https:\/\/antaresvisiongroup.com\/beverage\/wp-content\/themes\/mercury_theme\/assets\/images\/Mask-hero-invertita-general.svg\"); background-repeat: no-repeat;\n            background-size: contain;\n        }\n    }\n\n    \/* ipad *\/\n    @media screen and (min-width: 768px) and  (max-width: 992px){\n        .kheadergeneral__singleLeft{width: calc(45% - 15px); padding-left: 15px;}\n        .kheadergeneral__singleRight{width: 55%;}\n        .kheadergeneral__singleLeft h1{font-size: 26px; margin-bottom: 20px;}\n        .kheadergeneral__singleLeft a{margin-top: 10px;}\n        .kheadergeneral__singleDesc{display: none;}\n    }\n\n    \/* ipad pro *\/\n    @media screen and (min-width: 992px) and  (max-width: 1200px){\n        .kheadergeneral__singleLeft{width: calc(45% - 15px); padding-left: 15px;}\n        .kheadergeneral__singleRight{width: 55%;}\n        .kheadergeneral__singleLeft h1{font-size: 30px; margin-bottom: 0;}\n        .kheadergeneral__singleLeft a{margin-top: 10px;}\n    }\n\n<\/style>\n\n\n<div class=\"kbreadcrumb\" id=\"k_year\">\n    <div class=\"pure-container\">\n        <div class=\"pure-g\">\n            <div class=\"pure-u-1-1\">\n                <div class=\"breadcrumbs\"><a href=\"https:\/\/antaresvisiongroup.com\/beverage\">Home<\/a> | <\/div>            <\/div>\n        <\/div>\n    <\/div>\n<\/div>\n\n<style>\n\n    .kbreadcrumb{max-width: 1330px; margin-right: auto; margin-left: auto; font-size: 14px; color: #222222; padding-top: 15px; padding-bottom: 15px;\n        font-family: 'Exo', sans-serif;}\n    .kbreadcrumb a{color: inherit; text-decoration: none;}\n\n    \/* mobile *\/\n    @media screen and (max-width: 767px) {\n        .kbreadcrumb{padding-right: 15px; padding-left: 15px;}\n    }\n\n    \/* ipad *\/\n    @media screen and (min-width: 768px) and  (max-width: 992px){\n        .kbreadcrumb{padding-right: 15px; padding-left: 15px;}\n    }\n\n    \/* ipad pro *\/\n    @media screen and (min-width: 992px) and  (max-width: 1200px){\n        .kbreadcrumb{padding-right: 15px; padding-left: 15px;}\n    }\n\n<\/style>\n\n\n<div class=\"noBg pure-containerFluid ktitledesc \"  style=\"background-color: rgba(212,93,0,0.08);\" >\n            <div class=\"pure-container\">\n            <div class=\"ktitledesc__lineTop\" style=\"background-color: #d45d00\"><\/div>\n            <div class=\"ktitledesc__lineBottom\" style=\"background-color: #d45d00\"><\/div>\n            <div class=\"pure-g\">\n                <div class=\"pure-u-1-1 pure-u-md-8-24 offset-md-1-12 ktitledesc__colLeft kanimate\" data-animate=\"animFromBottom 0.8s\">\n                    <h2 style=\"color: #d45d00\">PAS SEULEMENT DES MACHINES, MAIS UNE GAMME COMPL\u00c8TE DE SERVICES <\/strong><\/h2>\n                <\/div>\n                <div class=\"pure-u-1-1 pure-u-md-10-24 ktitledesc__colRight\">\n                    <div><p>Nous offrons les solutions de services les plus compl\u00e8tes gr\u00e2ce \u00e0 nos connaissances et \u00e0 notre expertise sur les march\u00e9s les plus exigeants. Notre engagement \u00e0 cr\u00e9er des solutions de services sur mesure garantit une fiabilit\u00e9, une efficacit\u00e9 et une rentabilit\u00e9 constantes pour nos clients.<\/p>\n<\/div>\n                <\/div>\n            <\/div>\n        <\/div>\n        <\/div>\n\n<style>\n\n    .ktitledesc{position: relative; padding: 70px 0;}\n    .ktitledesc .pure-container{position: relative; padding-top: 50px; padding-bottom: 50px;}\n    .ktitledesc__lineTop{height: 1px; position: absolute; left: 0; width: 50%; top: 0;}\n    .ktitledesc__lineBottom{height: 1px; position: absolute; right: 0; width: 50%; bottom: 0;}\n    .ktitledesc__colRight{font-size: 18px;}\n    .ktitledesc__colRight p{margin-top: 0;}\n    .ktitledesc h2{font-weight: 300; font-size: 37px; margin-top: 0; margin-bottom: 0;}\n\n    .ktitledesc .pure-container.ktitledesc__extra{padding-bottom: 20px; margin-top: 50px;}\n    .ktitledesc__extraSingleIcon{width: 100px; height: 100px; margin-bottom: 15px; opacity: 0;}\n    .ktitledesc h3{font-weight: 600;font-size: 37px;margin-top: 0;margin-bottom: 0; opacity: 0;}\n    .ktitledesc__extraSingle{text-align: center;}\n    .ktitledesc__extraDesc{opacity: 0;}\n    .ktitledesc__extraDesc p{margin-top: 0;}\n\n    .ktitledesc__colRight ul{padding-left: 0;}\n    .ktitledesc__colRight li{list-style: none; display: block; position: relative; padding-left: 20px;}\n    .ktitledesc__colRight li::before{ padding-right: 20px; content: \"\\ea10\"; font-family: icomoon; color: #2D69A7;\n        font-size: 11px; margin-top: 6px; position: absolute;left: 0;}\n\n    .ktitledesc.full .ktitledesc__colLeft, .ktitledesc.full .ktitledesc__colRight{width: 100%; margin-left: 0;}\n    .ktitledesc.full .ktitledesc__colLeft h2{margin-bottom: 30px;}\n\n    .ktitledesc .ktitledesc__colRight h3{opacity: 1!important;}\n\n    .ktitledesc.noBg{}\n\n    @font-face {\n        font-family: 'icomoon';\n        src:  url(https:\/\/antaresvisiongroup.com\/beverage\/wp-content\/themes\/mercury_theme\/assets\/fonts\/icomoon.eot?t4qrlz);\n        src:  url(https:\/\/antaresvisiongroup.com\/beverage\/wp-content\/themes\/mercury_theme\/assets\/fonts\/icomoon.eot?t4qrlz#iefix) format('embedded-opentype'),\n        url(https:\/\/antaresvisiongroup.com\/beverage\/wp-content\/themes\/mercury_theme\/assets\/fonts\/icomoon.ttf?t4qrlz) format('truetype'),\n        url(https:\/\/antaresvisiongroup.com\/beverage\/wp-content\/themes\/mercury_theme\/assets\/fonts\/icomoon.woff?t4qrlz) format('woff'),\n        url(https:\/\/antaresvisiongroup.com\/beverage\/wp-content\/themes\/mercury_theme\/assets\/fonts\/icomoon.svg?t4qrlz#icomoon) format('svg');\n        font-weight: normal;  font-style: normal; font-display: block;\n    }\n\n\n    \/* mobile *\/\n    @media screen and (max-width: 767px) {\n        .ktitledesc h2{font-size: 24px; margin-bottom: 15px;}\n        .ktitledesc .pure-container{padding-top: 30px;padding-bottom: 14px;}\n        .ktitledesc{padding: 50px 0;}\n\n        .ktitledesc__extraSingle{margin-bottom: 30px;}\n    }\n\n    \/* ipad *\/\n    @media screen and (min-width: 768px) and  (max-width: 992px){\n        .ktitledesc h2{font-size: 33px;}\n    }\n\n    \/* ipad pro *\/\n    @media screen and (min-width: 992px) and  (max-width: 1200px){\n        .ktitledesc h2{font-size: 33px;}\n    }\n\n<\/style>\n\n    <div class=\"pure-containerFluid pureCol \">\n    <div class=\"pure-container\">         <div class=\"pure-row\">\n            <div class=\"pure-g\">\n                <div class=\"pure-u-1-1 pure-u-md-24-24 offset-md-0\">\n\n\n\n\n<style>\n\n    .formContacts input[type=\"submit\"]{ background-color: rgb(212,93,0); border: 0;\n    color: #ffffff; text-transform: uppercase; padding: 20px; font-size: 16px; font-family: 'Roboto', sans-serif;\n    min-width: 250px; font-weight: 600; cursor: pointer; margin-top: 30px;}\n    .pureCol a{color: rgb(212,93,0);}\n\n    \/* mobile *\/\n    @media screen and (max-width: 767px) {\n\n    }\n\n    \/* ipad *\/\n    @media screen and (min-width: 768px) and  (max-width: 992px){\n\n    }\n\n    \/* ipad pro *\/\n    @media screen and (min-width: 992px) and  (max-width: 1200px){\n\n    }\n\n<\/style>\n\n\n<div style=\"height:50px\" aria-hidden=\"true\" class=\"wp-block-spacer\"><\/div>\n\n\n\n<h3 class=\"wp-block-heading has-text-color\" style=\"color:#d45d00;font-size:32px\"><strong>PAS SEULEMENT DES MACHINES, MAIS UNE GAMME COMPL\u00c8TE DE SERVICES<\/strong><\/h3>\n\n\n\n<p>Choisir une solution Antares Vision Group garantit l\u2019acc\u00e8s \u00e0 un portefeuille complet de services pour accompagner vos op\u00e9rations.<\/p>\n\n\n\n<p>Nous proposons des solutions stables et durables gr\u00e2ce \u00e0 une structure solide qui permet une continuit\u00e9 op\u00e9rationnelle m\u00eame pendant les ACTIVIT\u00c9S DE MAINTENANCE :<\/p>\n\n\n\n<ul class=\"wp-block-list\">\n<li>Allant de l\u2019assistance \u00e0 distance,<\/li>\n\n\n\n<li>A la maintenance pr\u00e9dictive tant du mat\u00e9riel que des logiciels, de l&#8217;infrastructure r\u00e9seau et des serveurs.<\/li>\n<\/ul>\n\n\n\n<p>La gamme de services auxquels vous pourrez acc\u00e9der, gr\u00e2ce \u00e0 l&#8217;adoption de nos solutions d&#8217;inspection, de tra\u00e7abilit\u00e9, de l&#8217;usine num\u00e9rique et de transparence de la cha\u00eene d&#8217;approvisionnement, ne concerne pas seulement le support op\u00e9rationnel mais aussi les SERVICES DE CONSULTATION pour maximiser les performances du syst\u00e8me, toujours en tenant compte des besoins du client:<\/p>\n\n\n\n<ul class=\"wp-block-list\">\n<li>Formations d\u00e9di\u00e9es pour vos techniciens,<\/li>\n\n\n\n<li>Programmes de certification,<\/li>\n\n\n\n<li>Interventions sur site,<\/li>\n\n\n\n<li>Pi\u00e8ces de rechange.<\/li>\n<\/ul>\n\n\n\n<div style=\"height:20px\" aria-hidden=\"true\" class=\"wp-block-spacer\"><\/div>\n\n\n\n<h3 class=\"wp-block-heading has-text-color\" style=\"color:#d45d00;font-size:32px\">NOS SERVICES: UNE APPROCHE UNIFI\u00c9E<\/h3>\n\n\n\n<p>Les modules de services optimis\u00e9s d&#8217;Antares Vision Group sont con\u00e7us avec le plus grand soin et le plus grand soutien de notre \u00e9quipe croissante d&#8217;experts qui travaillent \u00e0 l&#8217;unisson pour garantir le traitement de chaque demande de mani\u00e8re responsable et en un temps record.<\/p>\n\n\n\n<p>Cette approche unifi\u00e9e a \u00e9volu\u00e9 gr\u00e2ce aux retours de nos clients fid\u00e8les.<\/p>\n\n\n\n<p>NOUS CO-CR\u00c9ONS DES SOLUTIONS DE SERVICE SUR MESURE POUR ASSURER UNE MEILLEURE EFFICACIT\u00c9 ET UNE MEILLEURE PERFORMANCE DE QUALIT\u00c9.<\/p>\n\n\n\n                <\/div>\n            <\/div>\n        <\/div>\n     <\/div> <\/div>\n\n<style>\n\n    \/* mobile *\/\n    @media screen and (max-width: 767px) {\n\n    }\n\n    \/* ipad *\/\n    @media screen and (min-width: 768px) and  (max-width: 992px){\n\n    }\n\n    \/* ipad pro *\/\n    @media screen and (min-width: 992px) and  (max-width: 1200px){\n\n    }\n\n<\/style>\n\n\n<div class=\"pure-containerFluid klistsolutions \" id=\"solutions\">\n    <div class=\"pure-container\">\n        <div class=\"pure-g\">\n            \n                <div class=\"pure-u-1-1 pure-u-md-1-2 klistsolutions__single\">\n                    <div class=\"klistsolutions__singleCont\">\n                                                <a href=\"https:\/\/antaresvisiongroup.com\/beverage\/fr\/prestations-de-service\/managed-service\/\" target=\"\">\n                                                        <div class=\"klistsolutions__singleTitle\">\n                                <h3>SERVICES G\u00c9R\u00c9S<\/h3>\n                                <svg id=\"Livello_1\" data-name=\"Livello 1\" xmlns=\"http:\/\/www.w3.org\/2000\/svg\" xmlns:xlink=\"http:\/\/www.w3.org\/1999\/xlink\" width=\"14\" height=\"14\" viewBox=\"0 0 14 14\"><defs><style>.cls-1{fill:none;}.cls-2{clip-path:url(#clip-path);}.cls-3{clip-path:url(#clip-path-2);}.cls-4{clip-path:url(#clip-path-3);}.cls-5{fill:#2d69a7;}<\/style><clipPath id=\"clip-path\"><polygon class=\"cls-1\" points=\"2.099 12.999 1 11.9 10.344 2.557 1.824 2.557 1.824 1 13 1 13 12.176 11.443 12.176 11.443 3.656 2.099 12.999\"\/><\/clipPath><clipPath id=\"clip-path-2\"><rect class=\"cls-1\" x=\"-1141\" y=\"-1543\" width=\"1680\" height=\"4770.9999\"\/><\/clipPath><clipPath id=\"clip-path-3\"><rect class=\"cls-1\" x=\"1\" y=\"1\" width=\"12\" height=\"12\"\/><\/clipPath><\/defs><title>k-arrow-blu<\/title><g class=\"cls-2\"><g class=\"cls-3\"><g class=\"cls-4\"><g class=\"cls-4\"><rect class=\"cls-5\" width=\"14\" height=\"14\"\/><rect class=\"cls-5\" width=\"14\" height=\"14\"\/><\/g><\/g><\/g><\/g><\/svg>\n                            <\/div>\n                            <div class=\"klistsolutions__singleDesc\"><\/div>\n                                                    <\/a>\n                                        <\/div>\n                <\/div>\n\n            \n                <div class=\"pure-u-1-1 pure-u-md-1-2 klistsolutions__single\">\n                    <div class=\"klistsolutions__singleCont\">\n                                                <a href=\"https:\/\/antaresvisiongroup.com\/beverage\/fr\/prestations-de-service\/life-cycle-service\/\" target=\"\">\n                                                        <div class=\"klistsolutions__singleTitle\">\n                                <h3>SERVICES CYCLE DE VIE<\/h3>\n                                <svg id=\"Livello_1\" data-name=\"Livello 1\" xmlns=\"http:\/\/www.w3.org\/2000\/svg\" xmlns:xlink=\"http:\/\/www.w3.org\/1999\/xlink\" width=\"14\" height=\"14\" viewBox=\"0 0 14 14\"><defs><style>.cls-1{fill:none;}.cls-2{clip-path:url(#clip-path);}.cls-3{clip-path:url(#clip-path-2);}.cls-4{clip-path:url(#clip-path-3);}.cls-5{fill:#2d69a7;}<\/style><clipPath id=\"clip-path\"><polygon class=\"cls-1\" points=\"2.099 12.999 1 11.9 10.344 2.557 1.824 2.557 1.824 1 13 1 13 12.176 11.443 12.176 11.443 3.656 2.099 12.999\"\/><\/clipPath><clipPath id=\"clip-path-2\"><rect class=\"cls-1\" x=\"-1141\" y=\"-1543\" width=\"1680\" height=\"4770.9999\"\/><\/clipPath><clipPath id=\"clip-path-3\"><rect class=\"cls-1\" x=\"1\" y=\"1\" width=\"12\" height=\"12\"\/><\/clipPath><\/defs><title>k-arrow-blu<\/title><g class=\"cls-2\"><g class=\"cls-3\"><g class=\"cls-4\"><g class=\"cls-4\"><rect class=\"cls-5\" width=\"14\" height=\"14\"\/><rect class=\"cls-5\" width=\"14\" height=\"14\"\/><\/g><\/g><\/g><\/g><\/svg>\n                            <\/div>\n                            <div class=\"klistsolutions__singleDesc\"><\/div>\n                                                    <\/a>\n                                        <\/div>\n                <\/div>\n\n                    <\/div>\n    <\/div>\n<\/div>\n\n<style>\n\n    .klistsolutions{margin-top: 100px;}\n    .klistsolutions a{text-decoration: none; color: inherit;}\n    .klistsolutions h2{ font-size: 32px; margin-top: 0; margin-bottom: 0;}\n    .klistsolutions__lineTitle{height: 2px;width: 50px;margin-bottom: 13px;margin-right: 20px;}\n    .klistsolutions__titleCont{display: flex; margin-bottom: 50px; align-items: flex-end;}\n    .klistsolutions__singleTitle{display: flex; align-items: baseline; margin-bottom: 20px; justify-content: space-between;}\n    .klistsolutions h3{color: rgb(212,93,0); margin-bottom: 0; font-size: 20px; font-weight: 500;}\n    .klistsolutions svg{width: 16px; height: auto;}\n    .klistsolutions svg rect{fill: rgb(212,93,0); margin-left: 20px;}\n    .klistsolutions__singleCont{border-bottom: 3px solid rgb(212,93,0); margin-bottom: 50px; padding-bottom: 20px;}\n    .klistsolutions__singleDesc p{margin-top: 0; margin-bottom: 0;}\n\n    \/* mobile *\/\n    @media screen and (max-width: 767px) {\n        .klistsolutions{margin-top: 50px;}\n        .klistsolutions h2{font-size: 24px;}\n        .klistsolutions__lineTitle{width: 30px;margin-right: 20px;}\n    }\n\n    \/* ipad *\/\n    @media screen and (min-width: 768px) and  (max-width: 992px){\n        .klistsolutions h2{font-size: 33px;}\n        .klistsolutions__lineTitle{width: 40px; margin-right: 25px;}\n    }\n\n    \/* ipad pro *\/\n    @media screen and (min-width: 992px) and  (max-width: 1200px){\n        .klistsolutions h2{font-size: 33px;}\n    }\n\n<\/style>\n\n<script>\n    window.addEventListener('DOMContentLoaded', function() {\n        jQuery(function ($) {\n\n            $(window).on(\"load resize\",function(e){\n                var highestBox = 0;\n                $('.klistsolutions__singleCont').each(function(){\n                    if($(this).height() > highestBox) {\n                        highestBox = $(this).height();\n                    }\n                });\n                $('.klistsolutions__singleCont').css('min-height',highestBox);\n            });\n\n            $(window).on(\"load resize\",function(e){\n                var highestBox = 0;\n                $('.klistsolutions h3').each(function(){\n                    if($(this).height() > highestBox) {\n                        highestBox = $(this).height();\n                    }\n                });\n                $('.klistsolutions h3').css('min-height',highestBox);\n            });\n\n            $(window).on(\"load resize\",function(e){\n                var highestBox = 0;\n                $('.klistsolutions__singleDesc').each(function(){\n                    if($(this).height() > highestBox) {\n                        highestBox = $(this).height();\n                    }\n                });\n                $('.klistsolutions__singleDesc').css('min-height',highestBox);\n            });\n\n\n        });\n    });\n<\/script>","protected":false},"excerpt":{"rendered":"<p>PAS SEULEMENT DES MACHINES, MAIS UNE GAMME COMPL\u00c8TE DE SERVICES Choisir une solution Antares Vision&#8230;<\/p>\n","protected":false},"author":1,"featured_media":0,"parent":0,"menu_order":0,"comment_status":"closed","ping_status":"closed","template":"","meta":{"_acf_changed":false,"footnotes":""},"class_list":["post-655","page","type-page","status-publish","hentry"],"acf":[],"lang":"fr","translations":{"fr":655,"en":653,"it":422,"es":657,"pt":4775},"pll_sync_post":[],"_links":{"self":[{"href":"https:\/\/antaresvisiongroup.com\/beverage\/wp-json\/wp\/v2\/pages\/655","targetHints":{"allow":["GET"]}}],"collection":[{"href":"https:\/\/antaresvisiongroup.com\/beverage\/wp-json\/wp\/v2\/pages"}],"about":[{"href":"https:\/\/antaresvisiongroup.com\/beverage\/wp-json\/wp\/v2\/types\/page"}],"author":[{"embeddable":true,"href":"https:\/\/antaresvisiongroup.com\/beverage\/wp-json\/wp\/v2\/users\/1"}],"replies":[{"embeddable":true,"href":"https:\/\/antaresvisiongroup.com\/beverage\/wp-json\/wp\/v2\/comments?post=655"}],"version-history":[{"count":5,"href":"https:\/\/antaresvisiongroup.com\/beverage\/wp-json\/wp\/v2\/pages\/655\/revisions"}],"predecessor-version":[{"id":3177,"href":"https:\/\/antaresvisiongroup.com\/beverage\/wp-json\/wp\/v2\/pages\/655\/revisions\/3177"}],"wp:attachment":[{"href":"https:\/\/antaresvisiongroup.com\/beverage\/wp-json\/wp\/v2\/media?parent=655"}],"curies":[{"name":"wp","href":"https:\/\/api.w.org\/{rel}","templated":true}]}}