{"id":255,"date":"2023-01-13T16:36:59","date_gmt":"2023-01-13T15:36:59","guid":{"rendered":"https:\/\/www.antaresvisiongroup.com\/cosmetics\/?page_id=255"},"modified":"2025-01-17T17:18:21","modified_gmt":"2025-01-17T16:18:21","slug":"supply-chain-transparency","status":"publish","type":"page","link":"https:\/\/antaresvisiongroup.com\/cosmetics\/it\/supply-chain-transparency\/","title":{"rendered":"Supply Chain Transparency"},"content":{"rendered":"\n<div class=\"pure-containerFluid kheadergeneral\">\n    <div class=\"kheadergeneral__single\">\n        <div class=\"kheadergeneral__singleLeft\">\n            <div class=\"kheadergeneral__singleCont\">\n                <div class=\"kheadergeneral__singleLine\"><\/div>\n\n                                    <h1>Supply Chain Transparency<\/h1>\n                \n                                    <div class=\"kheadergeneral__singleDesc\"><p>Le nostre soluzioni di visibilit\u00e0 end-to-end della supply chain garantiscono autenticit\u00e0, tracciabilit\u00e0 e coinvolgimento per il tuo brand.<\/p>\n<\/div>\n                            <\/div>\n        <\/div>\n        <div class=\"kheadergeneral__singleRight\">\n            <div class=\"kheadergeneral__singleRightMask\"><\/div>\n            <img decoding=\"async\" class=\"kheadergeneral__singleImgDesk\" loading=\"lazy\" width=\"1300\" height=\"336\" src=\"https:\/\/antaresvisiongroup.com\/cosmetics\/wp-content\/uploads\/sites\/4\/2023\/03\/supply-cosmetics-desk.jpg\" alt=\"[] - Antares Vision Group\">\n            <img decoding=\"async\" class=\"kheadergeneral__singleImgMob\" loading=\"lazy\" width=\"600\" height=\"400\" src=\"https:\/\/antaresvisiongroup.com\/cosmetics\/wp-content\/uploads\/sites\/4\/2023\/03\/supply-cosmetics-mobile.jpg\" alt=\"[] - Antares Vision Group\">\n        <\/div>\n    <\/div>\n<\/div>\n\n<style>\n\n    .kheadergeneral__singleRightMask{position: absolute; left: -1px; top: -1px; width: calc(100% + 2px); height: calc(100% + 2px);\n        background: url(\"https:\/\/antaresvisiongroup.com\/cosmetics\/wp-content\/themes\/mercury_theme\/assets\/images\/Mask-hero-invertita-2.svg\"); background-repeat: no-repeat;\n        background-size: contain; }\n\n    .kheadergeneral{\/*max-width: 2000px; margin-left: auto; margin-right: auto;*\/}\n    .kheadergeneral__singleLine{height: 2px;width: 50%; background-color: #dd878d; margin-bottom: 20px;}\n    .kheadergeneral__single{display: flex; align-items: center;}\n    .kheadergeneral__singleLeft{width: 45%;}\n    .kheadergeneral__singleCont{max-width: 600px; margin-left: auto; margin-right: auto;}\n    .kheadergeneral__singleLeft h1{color: #dd878d; font-weight: 600; font-size: 37px; line-height: 1.1; text-transform: uppercase;}\n    .kheadergeneral__singleLeft a{display: flex;align-items: center;color: #dd878d;font-size: 15px;font-weight: 600;margin-top: 40px; text-decoration: none;}\n    .kheadergeneral__singleLeft svg{margin-left: 20px; margin-bottom: 2px;}\n    .kheadergeneral__singleLeft svg rect{fill: #dd878d; }\n    .kheadergeneral__singleRight{width: 55%; position: relative; display: flex; align-items: center;}\n    .kheadergeneral__single img{width: 100%; height: auto;}\n    .kheadergeneral__singleImgMob{display: none;}\n\n    \/* mobile *\/\n    @media screen and (max-width: 767px) {\n        .kheadergeneral__singleImgDesk{display: none;}\n        .kheadergeneral__singleImgMob{display: block;}\n        .kheadergeneral__single{flex-direction: column; margin-top: 30px;}\n        .kheadergeneral__singleLeft{width: calc(100% - 30px); padding-left: 15px; padding-right: 15px;}\n        .kheadergeneral__singleRight{width: 100%; margin-top: 30px;}\n        .kheadergeneral__singleLeft h1{font-size: 24px;}\n        .kheadergeneral__singleLeft a{margin-top: 15px;}\n\n        .kheadergeneral__singleRightMask{position: absolute; top: -1px; width: calc(100%); height: calc(100% + 2px);\n            background: url(\"https:\/\/antaresvisiongroup.com\/cosmetics\/wp-content\/themes\/mercury_theme\/assets\/images\/Mask-hero-invertita-general.svg\"); background-repeat: no-repeat;\n            background-size: contain;\n        }\n    }\n\n    \/* ipad *\/\n    @media screen and (min-width: 768px) and  (max-width: 992px){\n        .kheadergeneral__singleLeft{width: calc(45% - 15px); padding-left: 15px;}\n        .kheadergeneral__singleRight{width: 55%;}\n        .kheadergeneral__singleLeft h1{font-size: 26px; margin-bottom: 20px;}\n        .kheadergeneral__singleLeft a{margin-top: 10px;}\n        .kheadergeneral__singleDesc{display: none;}\n    }\n\n    \/* ipad pro *\/\n    @media screen and (min-width: 992px) and  (max-width: 1200px){\n        .kheadergeneral__singleLeft{width: calc(45% - 15px); padding-left: 15px;}\n        .kheadergeneral__singleRight{width: 55%;}\n        .kheadergeneral__singleLeft h1{font-size: 30px; margin-bottom: 0;}\n        .kheadergeneral__singleLeft a{margin-top: 10px;}\n    }\n\n<\/style>\n\n\n<div class=\"kbreadcrumb\" id=\"k_year\">\n    <div class=\"pure-container\">\n        <div class=\"pure-g\">\n            <div class=\"pure-u-1-1\">\n                <div class=\"breadcrumbs\"><a href=\"https:\/\/antaresvisiongroup.com\/cosmetics\">Home<\/a> | <\/div>            <\/div>\n        <\/div>\n    <\/div>\n<\/div>\n\n<style>\n\n    .kbreadcrumb{max-width: 1330px; margin-right: auto; margin-left: auto; font-size: 14px; color: #222222; padding-top: 15px; padding-bottom: 15px;\n        font-family: 'Exo', sans-serif;}\n    .kbreadcrumb a{color: inherit; text-decoration: none;}\n\n    \/* mobile *\/\n    @media screen and (max-width: 767px) {\n        .kbreadcrumb{padding-right: 15px; padding-left: 15px;}\n    }\n\n    \/* ipad *\/\n    @media screen and (min-width: 768px) and  (max-width: 992px){\n        .kbreadcrumb{padding-right: 15px; padding-left: 15px;}\n    }\n\n    \/* ipad pro *\/\n    @media screen and (min-width: 992px) and  (max-width: 1200px){\n        .kbreadcrumb{padding-right: 15px; padding-left: 15px;}\n    }\n\n<\/style>\n\n\n<div class=\"pure-containerFluid kicondesc\">\n    <div class=\"pure-container\">\n        <div class=\"pure-g\">\n                        <div class=\"pure-u-1-1 pure-u-md-8-24\">\n                                    <img decoding=\"async\" class=\"kicondescIcon kanimate\" data-animate=\"animFromLeft 0.8s forwards\" loading=\"lazy\" src=\"https:\/\/antaresvisiongroup.com\/cosmetics\/wp-content\/uploads\/sites\/4\/2023\/02\/cosmetics-icons-02.svg\" width=\"0\" height=\"0\" alt=\"[] - Antares Vision Group\">\n                            <\/div>\n                        <div class=\"pure-u-1-1 pure-u-md-16-24 kanimate   \" data-animate=\"animFromBottom 0.8s 0.2s forwards\">\n                                    <h2 class=\"\">Soluzioni di <strong>supply chain transparency<\/strong> per il settore cosmetico<\/h2>\n                \n                                    <div class=\"kicondesc__desc\"><p>Le nostre soluzioni di visibilit\u00e0 end-to-end della supply chain garantiscono autenticit\u00e0, tracciabilit\u00e0 e coinvolgimento per il tuo brand.<\/p>\n<p>Ti consentiamo di tracciare l&#8217;intero ciclo di vita del prodotto e raccogliere questi dati per combattere le contraffazioni, interagire direttamente con i consumatori e promuovere la sostenibilit\u00e0. Assegnando a ogni prodotto un&#8217;identit\u00e0 digitale univoca, proteggerai il tuo marchio, soddisferai la domanda dei consumatori di informazioni sui prodotti e engagement, massimizzando allo stesso tempo l&#8217;efficienza, la sostenibilit\u00e0 e la sicurezza della produzione.<\/p>\n<\/div>\n                            <\/div>\n        <\/div>\n    <\/div>\n<\/div>\n\n<style>\n\n    .kicondesc{margin-top: 50px; margin-bottom: 50px;}\n    .kicondescIcon{max-width: 200px; width: 100%; height: auto; display: flex;align-items: center;margin-left: auto;margin-right: auto;}\n    .kicondesc h2{font-weight: 400; color: rgb(,,); font-size: 32px; line-height: 1.1;}\n    .kicondesc h2.mb-0{margin-bottom: 0!important;}\n    .kicondesc__desc{font-size: 16px;}\n    .kicondesc .kanimate{opacity: 0;}\n    .kicondesc__right{display: flex; flex-direction: column; justify-content: center;}\n    .kicondesc__noTitle{display: flex; align-items: center;}\n\n    .kicondesc .kbutton.kbutton__button{cursor: pointer; background-color: rgba(,,, 0.08);\n        color: rgb(,,); padding: 20px 20px; font-weight: 500; text-decoration: none; margin-top: 20px;\n        display: flex; justify-content: space-between; width: calc(100% - 40px); max-width: 280px; align-items: center;}\n\n    \/* mobile *\/\n    @media screen and (max-width: 767px) {\n        .kicondesc{margin-top: 20px;}\n        .kicondescIcon{max-width: 150px; margin-left: 0; margin-bottom: 15px;}\n    }\n\n    \/* ipad *\/\n    @media screen and (min-width: 768px) and  (max-width: 992px){\n\n    }\n\n    \/* ipad pro *\/\n    @media screen and (min-width: 992px) and  (max-width: 1200px){\n\n    }\n\n<\/style>\n\n\n<div class=\"noBg pure-containerFluid ktitledesc full\"  style=\"background-color: rgba(221,135,141,0.08);\" >\n            <div class=\"pure-container\">\n            <div class=\"ktitledesc__lineTop\" style=\"background-color: #dd878d\"><\/div>\n            <div class=\"ktitledesc__lineBottom\" style=\"background-color: #dd878d\"><\/div>\n            <div class=\"pure-g\">\n                <div class=\"pure-u-1-1 pure-u-md-8-24 offset-md-1-12 ktitledesc__colLeft kanimate\" data-animate=\"animFromBottom 0.8s\">\n                    <h2 style=\"color: #dd878d\">BENEFICI<\/h2>\n                <\/div>\n                <div class=\"pure-u-1-1 pure-u-md-10-24 ktitledesc__colRight\">\n                    <div><ul>\n<li>Proteggi i tuoi consumatori, la tua reputazione e il valore del marchio da prodotti contraffatti, deviati o non autorizzati.<\/li>\n<li>Connettiti e interagisci direttamente con i tuoi consumatori grazie a esperienze personalizzate in negozio e dopo l&#8217;acquisto<\/li>\n<li>Aumentare i ricavi grazie a una migliore customer experience che porta alla fidelizzazione dei clienti abilitando nuovi modelli di business<\/li>\n<li>Ridurre i costi ottimizzando le risorse riutilizzabili, riducendo gli sprechi, e le spese per l&#8217;indagine sui dati e il reporting di audit<\/li>\n<li>Leader nella sostenibilit\u00e0 e raggiungimento degli obiettivi di conformit\u00e0 ESG con nuove fonti di convalida dei dati<\/li>\n<li>Visibilit\u00e0 aziendale a 360\u00b0 in tempo reale<\/li>\n<li>Canale multimediale di propriet\u00e0: informazioni dettagliate sul prodotto e dati proprietari autentici<\/li>\n<li>Prendi decisioni migliori e pi\u00f9 velocemente osservando e misurando la tua supply chain in tempo reale, dall&#8217;origine al consumatore finale<\/li>\n<li>Consentire una raccolta di dati pi\u00f9 ampia e granulare per comprendere meglio le prestazioni ESG e consentire report pi\u00f9 accurati<\/li>\n<li>Fornire dati granulari ai consumatori, compresa l&#8217;origine dei materiali e la sicurezza di un approvvigionamento sostenibile ed etico<\/li>\n<li>Utilizzare la tracciabilit\u00e0 e la trasparenza per costruire relazioni basate sulla fiducia con i consumatori e per differenziare i prodotti nei vari mercati<\/li>\n<li>Guidare il comportamento dei consumatori sul riciclaggio e acquisire dati pi\u00f9 accurati sui tassi di riciclaggio (sostenendo una risposta alle nuove green-taxes)<\/li>\n<li>Ottieni informazioni preziose sui clienti<\/li>\n<\/ul>\n<\/div>\n                <\/div>\n            <\/div>\n        <\/div>\n        <\/div>\n\n<style>\n\n    .ktitledesc{position: relative; padding: 70px 0;}\n    .ktitledesc .pure-container{position: relative; padding-top: 50px; padding-bottom: 50px;}\n    .ktitledesc__lineTop{height: 1px; position: absolute; left: 0; width: 50%; top: 0;}\n    .ktitledesc__lineBottom{height: 1px; position: absolute; right: 0; width: 50%; bottom: 0;}\n    .ktitledesc__colRight{font-size: 18px;}\n    .ktitledesc__colRight p{margin-top: 0;}\n    .ktitledesc h2{font-weight: 300; font-size: 37px; margin-top: 0; margin-bottom: 0;}\n\n    .ktitledesc .pure-container.ktitledesc__extra{padding-bottom: 20px; margin-top: 50px;}\n    .ktitledesc__extraSingleIcon{width: 100px; height: 100px; margin-bottom: 15px; opacity: 0;}\n    .ktitledesc h3{font-weight: 600;font-size: 37px;margin-top: 0;margin-bottom: 0; opacity: 0;}\n    .ktitledesc__extraSingle{text-align: center;}\n    .ktitledesc__extraDesc{opacity: 0;}\n    .ktitledesc__extraDesc p{margin-top: 0;}\n\n    .ktitledesc__colRight ul{padding-left: 0;}\n    .ktitledesc__colRight li{list-style: none; display: block; position: relative; padding-left: 20px;}\n    .ktitledesc__colRight li::before{ padding-right: 20px; content: \"\\ea10\"; font-family: icomoon; color: #2D69A7;\n        font-size: 11px; margin-top: 6px; position: absolute;left: 0;}\n\n    .ktitledesc.full .ktitledesc__colLeft, .ktitledesc.full .ktitledesc__colRight{width: 100%; margin-left: 0;}\n    .ktitledesc.full .ktitledesc__colLeft h2{margin-bottom: 30px;}\n\n    .ktitledesc .ktitledesc__colRight h3{opacity: 1!important;}\n\n    .ktitledesc.noBg{}\n\n    @font-face {\n        font-family: 'icomoon';\n        src:  url(https:\/\/antaresvisiongroup.com\/cosmetics\/wp-content\/themes\/mercury_theme\/assets\/fonts\/icomoon.eot?t4qrlz);\n        src:  url(https:\/\/antaresvisiongroup.com\/cosmetics\/wp-content\/themes\/mercury_theme\/assets\/fonts\/icomoon.eot?t4qrlz#iefix) format('embedded-opentype'),\n        url(https:\/\/antaresvisiongroup.com\/cosmetics\/wp-content\/themes\/mercury_theme\/assets\/fonts\/icomoon.ttf?t4qrlz) format('truetype'),\n        url(https:\/\/antaresvisiongroup.com\/cosmetics\/wp-content\/themes\/mercury_theme\/assets\/fonts\/icomoon.woff?t4qrlz) format('woff'),\n        url(https:\/\/antaresvisiongroup.com\/cosmetics\/wp-content\/themes\/mercury_theme\/assets\/fonts\/icomoon.svg?t4qrlz#icomoon) format('svg');\n        font-weight: normal;  font-style: normal; font-display: block;\n    }\n\n\n    \/* mobile *\/\n    @media screen and (max-width: 767px) {\n        .ktitledesc h2{font-size: 24px; margin-bottom: 15px;}\n        .ktitledesc .pure-container{padding-top: 30px;padding-bottom: 14px;}\n        .ktitledesc{padding: 50px 0;}\n\n        .ktitledesc__extraSingle{margin-bottom: 30px;}\n    }\n\n    \/* ipad *\/\n    @media screen and (min-width: 768px) and  (max-width: 992px){\n        .ktitledesc h2{font-size: 33px;}\n    }\n\n    \/* ipad pro *\/\n    @media screen and (min-width: 992px) and  (max-width: 1200px){\n        .ktitledesc h2{font-size: 33px;}\n    }\n\n<\/style>\n\n    <div class=\"pure-containerFluid pureCol \">\n    <div class=\"pure-container\">         <div class=\"pure-row\">\n            <div class=\"pure-g\">\n                <div class=\"pure-u-1-1 pure-u-md-24-24 offset-md-0\">\n\n\n\n\n<style>\n\n    .formContacts input[type=\"submit\"]{ background-color: rgb(,,); border: 0;\n    color: #ffffff; text-transform: uppercase; padding: 20px; font-size: 16px; font-family: 'Roboto', sans-serif;\n    min-width: 250px; font-weight: 600; cursor: pointer; margin-top: 30px;}\n    .pureCol a{color: rgb(,,);}\n\n    \/* mobile *\/\n    @media screen and (max-width: 767px) {\n\n    }\n\n    \/* ipad *\/\n    @media screen and (min-width: 768px) and  (max-width: 992px){\n\n    }\n\n    \/* ipad pro *\/\n    @media screen and (min-width: 992px) and  (max-width: 1200px){\n\n    }\n\n<\/style>\n\n\n<div style=\"height:5px\" aria-hidden=\"true\" class=\"wp-block-spacer\"><\/div>\n\n\n\n                <\/div>\n            <\/div>\n        <\/div>\n     <\/div> <\/div>\n\n<style>\n\n    \/* mobile *\/\n    @media screen and (max-width: 767px) {\n\n    }\n\n    \/* ipad *\/\n    @media screen and (min-width: 768px) and  (max-width: 992px){\n\n    }\n\n    \/* ipad pro *\/\n    @media screen and (min-width: 992px) and  (max-width: 1200px){\n\n    }\n\n<\/style>\n\n\n<div class=\"pure-containerFluid klistsolutions \" id=\"solutions\">\n    <div class=\"pure-container\">\n        <div class=\"pure-g\">\n                        <div class=\"pure-u-1-1\">\n                <div class=\"klistsolutions__titleCont\">\n                    <div class=\"klistsolutions__lineTitle\" style=\"background-color: rgb(,,);\"><\/div>\n                    <h2 style=\"color: rgb(,,); \">LE NOSTRE SOLUZIONI<\/h2>\n                <\/div>\n            <\/div>\n            \n                <div class=\"pure-u-1-1 pure-u-md-1-3  klistsolutions__single\">\n                    <div class=\"klistsolutions__singleCont\">\n                                                <a href=\"https:\/\/rfxcel.com\/it\/solutions\/food-safety-compliance\/\" target=\"_blank\" rel=\"noopener\">\n                                                        <div class=\"klistsolutions__singleTitle\">\n                                <h3>REGULATORY COMPLIANCE SOFTWARE<\/h3>\n                                <svg id=\"Livello_1\" data-name=\"Livello 1\" xmlns=\"http:\/\/www.w3.org\/2000\/svg\" xmlns:xlink=\"http:\/\/www.w3.org\/1999\/xlink\" width=\"14\" height=\"14\" viewBox=\"0 0 14 14\"><defs><style>.cls-1{fill:none;}.cls-2{clip-path:url(#clip-path);}.cls-3{clip-path:url(#clip-path-2);}.cls-4{clip-path:url(#clip-path-3);}.cls-5{fill:#2d69a7;}<\/style><clipPath id=\"clip-path\"><polygon class=\"cls-1\" points=\"2.099 12.999 1 11.9 10.344 2.557 1.824 2.557 1.824 1 13 1 13 12.176 11.443 12.176 11.443 3.656 2.099 12.999\"\/><\/clipPath><clipPath id=\"clip-path-2\"><rect class=\"cls-1\" x=\"-1141\" y=\"-1543\" width=\"1680\" height=\"4770.9999\"\/><\/clipPath><clipPath id=\"clip-path-3\"><rect class=\"cls-1\" x=\"1\" y=\"1\" width=\"12\" height=\"12\"\/><\/clipPath><\/defs><title>k-arrow-blu<\/title><g class=\"cls-2\"><g class=\"cls-3\"><g class=\"cls-4\"><g class=\"cls-4\"><rect class=\"cls-5\" width=\"14\" height=\"14\"\/><rect class=\"cls-5\" width=\"14\" height=\"14\"\/><\/g><\/g><\/g><\/g><\/svg>\n                            <\/div>\n                            <div class=\"klistsolutions__singleDesc\"><\/div>\n                                                    <\/a>\n                                        <\/div>\n                <\/div>\n\n            \n                <div class=\"pure-u-1-1 pure-u-md-1-3  klistsolutions__single\">\n                    <div class=\"klistsolutions__singleCont\">\n                                                <a href=\"https:\/\/rfxcel.com\/it\/solutions\/supply-chain-and-traceability-software\/\" target=\"_blank\" rel=\"noopener\">\n                                                        <div class=\"klistsolutions__singleTitle\">\n                                <h3>SUPPLY CHAIN VISIBILITY<\/h3>\n                                <svg id=\"Livello_1\" data-name=\"Livello 1\" xmlns=\"http:\/\/www.w3.org\/2000\/svg\" xmlns:xlink=\"http:\/\/www.w3.org\/1999\/xlink\" width=\"14\" height=\"14\" viewBox=\"0 0 14 14\"><defs><style>.cls-1{fill:none;}.cls-2{clip-path:url(#clip-path);}.cls-3{clip-path:url(#clip-path-2);}.cls-4{clip-path:url(#clip-path-3);}.cls-5{fill:#2d69a7;}<\/style><clipPath id=\"clip-path\"><polygon class=\"cls-1\" points=\"2.099 12.999 1 11.9 10.344 2.557 1.824 2.557 1.824 1 13 1 13 12.176 11.443 12.176 11.443 3.656 2.099 12.999\"\/><\/clipPath><clipPath id=\"clip-path-2\"><rect class=\"cls-1\" x=\"-1141\" y=\"-1543\" width=\"1680\" height=\"4770.9999\"\/><\/clipPath><clipPath id=\"clip-path-3\"><rect class=\"cls-1\" x=\"1\" y=\"1\" width=\"12\" height=\"12\"\/><\/clipPath><\/defs><title>k-arrow-blu<\/title><g class=\"cls-2\"><g class=\"cls-3\"><g class=\"cls-4\"><g class=\"cls-4\"><rect class=\"cls-5\" width=\"14\" height=\"14\"\/><rect class=\"cls-5\" width=\"14\" height=\"14\"\/><\/g><\/g><\/g><\/g><\/svg>\n                            <\/div>\n                            <div class=\"klistsolutions__singleDesc\"><\/div>\n                                                    <\/a>\n                                        <\/div>\n                <\/div>\n\n            \n                <div class=\"pure-u-1-1 pure-u-md-1-3  klistsolutions__single\">\n                    <div class=\"klistsolutions__singleCont\">\n                                                <a href=\"https:\/\/rfxcel.com\/it\/brand-protection\/\" target=\"_blank\" rel=\"noopener\">\n                                                        <div class=\"klistsolutions__singleTitle\">\n                                <h3>BRAND PROTECTION<\/h3>\n                                <svg id=\"Livello_1\" data-name=\"Livello 1\" xmlns=\"http:\/\/www.w3.org\/2000\/svg\" xmlns:xlink=\"http:\/\/www.w3.org\/1999\/xlink\" width=\"14\" height=\"14\" viewBox=\"0 0 14 14\"><defs><style>.cls-1{fill:none;}.cls-2{clip-path:url(#clip-path);}.cls-3{clip-path:url(#clip-path-2);}.cls-4{clip-path:url(#clip-path-3);}.cls-5{fill:#2d69a7;}<\/style><clipPath id=\"clip-path\"><polygon class=\"cls-1\" points=\"2.099 12.999 1 11.9 10.344 2.557 1.824 2.557 1.824 1 13 1 13 12.176 11.443 12.176 11.443 3.656 2.099 12.999\"\/><\/clipPath><clipPath id=\"clip-path-2\"><rect class=\"cls-1\" x=\"-1141\" y=\"-1543\" width=\"1680\" height=\"4770.9999\"\/><\/clipPath><clipPath id=\"clip-path-3\"><rect class=\"cls-1\" x=\"1\" y=\"1\" width=\"12\" height=\"12\"\/><\/clipPath><\/defs><title>k-arrow-blu<\/title><g class=\"cls-2\"><g class=\"cls-3\"><g class=\"cls-4\"><g class=\"cls-4\"><rect class=\"cls-5\" width=\"14\" height=\"14\"\/><rect class=\"cls-5\" width=\"14\" height=\"14\"\/><\/g><\/g><\/g><\/g><\/svg>\n                            <\/div>\n                            <div class=\"klistsolutions__singleDesc\"><\/div>\n                                                    <\/a>\n                                        <\/div>\n                <\/div>\n\n            \n                <div class=\"pure-u-1-1 pure-u-md-1-3  klistsolutions__single\">\n                    <div class=\"klistsolutions__singleCont\">\n                                                <a href=\"https:\/\/rfxcel.com\/it\/consumer-engagement\/\" target=\"_blank\" rel=\"noopener\">\n                                                        <div class=\"klistsolutions__singleTitle\">\n                                <h3>CONSUMER ENGAGEMENT<\/h3>\n                                <svg id=\"Livello_1\" data-name=\"Livello 1\" xmlns=\"http:\/\/www.w3.org\/2000\/svg\" xmlns:xlink=\"http:\/\/www.w3.org\/1999\/xlink\" width=\"14\" height=\"14\" viewBox=\"0 0 14 14\"><defs><style>.cls-1{fill:none;}.cls-2{clip-path:url(#clip-path);}.cls-3{clip-path:url(#clip-path-2);}.cls-4{clip-path:url(#clip-path-3);}.cls-5{fill:#2d69a7;}<\/style><clipPath id=\"clip-path\"><polygon class=\"cls-1\" points=\"2.099 12.999 1 11.9 10.344 2.557 1.824 2.557 1.824 1 13 1 13 12.176 11.443 12.176 11.443 3.656 2.099 12.999\"\/><\/clipPath><clipPath id=\"clip-path-2\"><rect class=\"cls-1\" x=\"-1141\" y=\"-1543\" width=\"1680\" height=\"4770.9999\"\/><\/clipPath><clipPath id=\"clip-path-3\"><rect class=\"cls-1\" x=\"1\" y=\"1\" width=\"12\" height=\"12\"\/><\/clipPath><\/defs><title>k-arrow-blu<\/title><g class=\"cls-2\"><g class=\"cls-3\"><g class=\"cls-4\"><g class=\"cls-4\"><rect class=\"cls-5\" width=\"14\" height=\"14\"\/><rect class=\"cls-5\" width=\"14\" height=\"14\"\/><\/g><\/g><\/g><\/g><\/svg>\n                            <\/div>\n                            <div class=\"klistsolutions__singleDesc\"><\/div>\n                                                    <\/a>\n                                        <\/div>\n                <\/div>\n\n                    <\/div>\n    <\/div>\n<\/div>\n\n<style>\n\n    .klistsolutions{margin-top: 100px;}\n    .klistsolutions a{text-decoration: none; color: inherit;}\n    .klistsolutions h2{ font-size: 32px; margin-top: 0; margin-bottom: 0;}\n    .klistsolutions__lineTitle{height: 2px;width: 50px;margin-bottom: 13px;margin-right: 20px;}\n    .klistsolutions__titleCont{display: flex; margin-bottom: 50px; align-items: flex-end;}\n    .klistsolutions__singleTitle{display: flex; align-items: baseline; margin-bottom: 20px; justify-content: space-between;}\n    .klistsolutions h3{color: rgb(,,); margin-bottom: 0; font-size: 20px; font-weight: 500;}\n    .klistsolutions svg{width: 16px; height: auto;}\n    .klistsolutions svg rect{fill: rgb(,,); margin-left: 20px;}\n    .klistsolutions__singleCont{border-bottom: 3px solid rgb(,,); margin-bottom: 50px; padding-bottom: 20px;}\n    .klistsolutions__singleDesc p{margin-top: 0; margin-bottom: 0;}\n\n    \/* mobile *\/\n    @media screen and (max-width: 767px) {\n        .klistsolutions{margin-top: 50px;}\n        .klistsolutions h2{font-size: 24px;}\n        .klistsolutions__lineTitle{width: 30px;margin-right: 20px;}\n    }\n\n    \/* ipad *\/\n    @media screen and (min-width: 768px) and  (max-width: 992px){\n        .klistsolutions h2{font-size: 33px;}\n        .klistsolutions__lineTitle{width: 40px; margin-right: 25px;}\n    }\n\n    \/* ipad pro *\/\n    @media screen and (min-width: 992px) and  (max-width: 1200px){\n        .klistsolutions h2{font-size: 33px;}\n    }\n\n<\/style>\n\n<script>\n    window.addEventListener('DOMContentLoaded', function() {\n        jQuery(function ($) {\n\n            $(window).on(\"load resize\",function(e){\n                var highestBox = 0;\n                $('.klistsolutions__singleCont').each(function(){\n                    if($(this).height() > highestBox) {\n                        highestBox = $(this).height();\n                    }\n                });\n                $('.klistsolutions__singleCont').css('min-height',highestBox);\n            });\n\n            $(window).on(\"load resize\",function(e){\n                var highestBox = 0;\n                $('.klistsolutions h3').each(function(){\n                    if($(this).height() > highestBox) {\n                        highestBox = $(this).height();\n                    }\n                });\n                $('.klistsolutions h3').css('min-height',highestBox);\n            });\n\n            $(window).on(\"load resize\",function(e){\n                var highestBox = 0;\n                $('.klistsolutions__singleDesc').each(function(){\n                    if($(this).height() > highestBox) {\n                        highestBox = $(this).height();\n                    }\n                });\n                $('.klistsolutions__singleDesc').css('min-height',highestBox);\n            });\n\n\n        });\n    });\n<\/script>","protected":false},"excerpt":{"rendered":"","protected":false},"author":1,"featured_media":0,"parent":0,"menu_order":0,"comment_status":"closed","ping_status":"closed","template":"","meta":{"_acf_changed":false,"footnotes":""},"class_list":["post-255","page","type-page","status-publish","hentry"],"acf":[],"lang":"it","translations":{"it":255,"en":258,"pt":2008,"es":2012},"pll_sync_post":[],"_links":{"self":[{"href":"https:\/\/antaresvisiongroup.com\/cosmetics\/wp-json\/wp\/v2\/pages\/255","targetHints":{"allow":["GET"]}}],"collection":[{"href":"https:\/\/antaresvisiongroup.com\/cosmetics\/wp-json\/wp\/v2\/pages"}],"about":[{"href":"https:\/\/antaresvisiongroup.com\/cosmetics\/wp-json\/wp\/v2\/types\/page"}],"author":[{"embeddable":true,"href":"https:\/\/antaresvisiongroup.com\/cosmetics\/wp-json\/wp\/v2\/users\/1"}],"replies":[{"embeddable":true,"href":"https:\/\/antaresvisiongroup.com\/cosmetics\/wp-json\/wp\/v2\/comments?post=255"}],"version-history":[{"count":18,"href":"https:\/\/antaresvisiongroup.com\/cosmetics\/wp-json\/wp\/v2\/pages\/255\/revisions"}],"predecessor-version":[{"id":1613,"href":"https:\/\/antaresvisiongroup.com\/cosmetics\/wp-json\/wp\/v2\/pages\/255\/revisions\/1613"}],"wp:attachment":[{"href":"https:\/\/antaresvisiongroup.com\/cosmetics\/wp-json\/wp\/v2\/media?parent=255"}],"curies":[{"name":"wp","href":"https:\/\/api.w.org\/{rel}","templated":true}]}}